Last updated on 2024-07-01 04:48:39 CEST.
Flavor | Version | Tinstall | Tcheck | Ttotal | Status | Flags |
---|---|---|---|---|---|---|
r-devel-linux-x86_64-debian-clang | 0.1 | 39.14 | 28.40 | 67.54 | NOTE | |
r-devel-linux-x86_64-debian-gcc | 0.1 | 19.54 | 21.56 | 41.10 | NOTE | |
r-devel-linux-x86_64-fedora-clang | 0.1 | 88.10 | NOTE | |||
r-devel-linux-x86_64-fedora-gcc | 0.1 | 83.56 | NOTE | |||
r-devel-windows-x86_64 | 0.1 | 25.00 | 60.00 | 85.00 | NOTE | |
r-patched-linux-x86_64 | 0.1 | 24.20 | 27.16 | 51.36 | NOTE | |
r-release-linux-x86_64 | 0.1 | 24.72 | 27.13 | 51.85 | NOTE | |
r-release-macos-arm64 | 0.1 | 23.00 | NOTE | |||
r-release-macos-x86_64 | 0.1 | 31.00 | NOTE | |||
r-release-windows-x86_64 | 0.1 | 26.00 | 62.00 | 88.00 | NOTE | |
r-oldrel-macos-arm64 | 0.1 | 23.00 | NOTE | |||
r-oldrel-macos-x86_64 | 0.1 | 38.00 | NOTE | |||
r-oldrel-windows-x86_64 | 0.1 | 33.00 | 70.00 | 103.00 | NOTE |
Version: 0.1
Check: LazyData
Result: NOTE
'LazyData' is specified without a 'data' directory
Flavors: r-devel-linux-x86_64-debian-clang, r-devel-linux-x86_64-debian-gcc, r-devel-linux-x86_64-fedora-clang, r-devel-linux-x86_64-fedora-gcc, r-devel-windows-x86_64, r-patched-linux-x86_64, r-release-linux-x86_64, r-release-macos-arm64, r-release-macos-x86_64, r-release-windows-x86_64, r-oldrel-macos-arm64, r-oldrel-macos-x86_64, r-oldrel-windows-x86_64