Last updated on 2024-07-01 04:48:39 CEST.
Flavor | Version | Tinstall | Tcheck | Ttotal | Status | Flags |
---|---|---|---|---|---|---|
r-devel-linux-x86_64-debian-clang | 0.6-22 | 9.56 | 41.41 | 50.97 | NOTE | |
r-devel-linux-x86_64-debian-gcc | 0.6-22 | 6.90 | 31.24 | 38.14 | NOTE | |
r-devel-linux-x86_64-fedora-clang | 0.6-22 | 65.94 | NOTE | |||
r-devel-linux-x86_64-fedora-gcc | 0.6-22 | 77.29 | NOTE | |||
r-devel-windows-x86_64 | 0.6-22 | 19.00 | 58.00 | 77.00 | NOTE | |
r-patched-linux-x86_64 | 0.6-22 | 8.64 | 39.29 | 47.93 | OK | |
r-release-linux-x86_64 | 0.6-22 | 7.41 | 39.73 | 47.14 | OK | |
r-release-macos-arm64 | 0.6-22 | 36.00 | OK | |||
r-release-macos-x86_64 | 0.6-22 | 52.00 | OK | |||
r-release-windows-x86_64 | 0.6-22 | 19.00 | 58.00 | 77.00 | OK | |
r-oldrel-macos-arm64 | 0.6-22 | 56.00 | OK | |||
r-oldrel-macos-x86_64 | 0.6-22 | 111.00 | OK | |||
r-oldrel-windows-x86_64 | 0.6-22 | 22.00 | 59.00 | 81.00 | OK |
Version: 0.6-22
Check: compiled code
Result: NOTE
File ‘mmap/libs/mmap.so’:
Found non-API calls to R: ‘SET_ENCLOS’, ‘SET_FRAME’, ‘SET_HASHTAB’
Compiled code should not call non-API entry points in R.
See ‘Writing portable packages’ in the ‘Writing R Extensions’ manual.
See section ‘Moving into C API compliance’ in the ‘Writing R
Extensions’ manual for issues with use of non-API entry points.
Flavors: r-devel-linux-x86_64-debian-clang, r-devel-linux-x86_64-debian-gcc, r-devel-linux-x86_64-fedora-gcc
Version: 0.6-22
Check: compiled code
Result: NOTE
File ‘mmap/libs/mmap.so’:
Found non-API calls to R: ‘SET_ENCLOS’, ‘SET_FRAME’, ‘SET_HASHTAB’
Compiled code should not call non-API entry points in R.
See ‘Writing portable packages’ in the ‘Writing R Extensions’ manual,
and section ‘Moving into C API compliance’ for issues with the use of
non-API entry points.
Flavor: r-devel-linux-x86_64-fedora-clang
Version: 0.6-22
Check: compiled code
Result: NOTE
File 'mmap/libs/x64/mmap.dll':
Found non-API calls to R: 'SET_ENCLOS', 'SET_FRAME', 'SET_HASHTAB'
Compiled code should not call non-API entry points in R.
See 'Writing portable packages' in the 'Writing R Extensions' manual.
Flavor: r-devel-windows-x86_64