Last updated on 2024-06-29 04:48:44 CEST.
Flavor | Version | Tinstall | Tcheck | Ttotal | Status | Flags |
---|---|---|---|---|---|---|
r-devel-linux-x86_64-debian-clang | 0.0.3 | 11.81 | 177.58 | 189.39 | NOTE | |
r-devel-linux-x86_64-debian-gcc | 0.0.3 | 11.67 | 178.30 | 189.97 | NOTE | |
r-devel-linux-x86_64-fedora-clang | 0.0.3 | 265.87 | NOTE | |||
r-devel-linux-x86_64-fedora-gcc | 0.0.3 | 304.65 | NOTE | |||
r-devel-windows-x86_64 | 0.0.3 | 11.00 | 279.00 | 290.00 | NOTE | |
r-patched-linux-x86_64 | 0.0.3 | 9.49 | 209.12 | 218.61 | NOTE | |
r-release-linux-x86_64 | 0.0.3 | 8.80 | 226.08 | 234.88 | NOTE | |
r-release-macos-arm64 | 0.0.3 | 155.00 | OK | |||
r-release-macos-x86_64 | 0.0.3 | 217.00 | OK | |||
r-release-windows-x86_64 | 0.0.3 | 12.00 | 276.00 | 288.00 | NOTE | |
r-oldrel-macos-arm64 | 0.0.3 | 156.00 | OK | |||
r-oldrel-macos-x86_64 | 0.0.3 | 269.00 | OK | |||
r-oldrel-windows-x86_64 | 0.0.3 | 16.00 | 379.00 | 395.00 | OK |
Version: 0.0.3
Check: HTML version of manual
Result: NOTE
Found the following HTML validation problems:
LearnerRpart.html:40:1 (LearnerRpart.Rd:15): Warning: trimming empty <li>
Flavors: r-devel-linux-x86_64-debian-clang, r-devel-linux-x86_64-debian-gcc, r-devel-linux-x86_64-fedora-clang, r-devel-linux-x86_64-fedora-gcc, r-devel-windows-x86_64, r-patched-linux-x86_64, r-release-linux-x86_64, r-release-windows-x86_64