Last updated on 2024-06-29 04:48:44 CEST.
Flavor | Version | Tinstall | Tcheck | Ttotal | Status | Flags |
---|---|---|---|---|---|---|
r-devel-linux-x86_64-debian-clang | 0.2.1 | 122.02 | 1106.56 | 1228.58 | OK | |
r-devel-linux-x86_64-debian-gcc | 0.2.1 | 77.58 | 757.10 | 834.68 | OK | |
r-devel-linux-x86_64-fedora-clang | 0.2.1 | 1495.99 | OK | |||
r-devel-linux-x86_64-fedora-gcc | 0.2.1 | 1463.35 | OK | |||
r-devel-windows-x86_64 | 0.2.1 | 93.00 | 532.00 | 625.00 | OK | |
r-patched-linux-x86_64 | 0.2.1 | 90.95 | 1045.11 | 1136.06 | OK | |
r-release-linux-x86_64 | 0.2.1 | 93.26 | 1061.00 | 1154.26 | OK | |
r-release-macos-arm64 | 0.2.1 | 275.00 | NOTE | |||
r-release-macos-x86_64 | 0.2.1 | 456.00 | NOTE | |||
r-release-windows-x86_64 | 0.2.1 | 94.00 | 525.00 | 619.00 | OK | |
r-oldrel-macos-arm64 | 0.2.1 | 502.00 | NOTE | |||
r-oldrel-macos-x86_64 | 0.2.1 | 633.00 | NOTE | |||
r-oldrel-windows-x86_64 | 0.2.1 | 116.00 | 771.00 | 887.00 | OK |
Version: 0.2.1
Check: installed package size
Result: NOTE
installed size is 8.0Mb
sub-directories of 1Mb or more:
data 2.0Mb
libs 4.4Mb
Flavors: r-release-macos-arm64, r-release-macos-x86_64, r-oldrel-macos-arm64, r-oldrel-macos-x86_64