Last updated on 2025-02-04 02:50:15 CET.
Flavor | Version | Tinstall | Tcheck | Ttotal | Status | Flags |
---|---|---|---|---|---|---|
r-devel-linux-x86_64-debian-clang | 1.19 | 15.39 | 109.45 | 124.84 | NOTE | |
r-devel-linux-x86_64-debian-gcc | 1.19 | 11.09 | 76.10 | 87.19 | NOTE | |
r-devel-linux-x86_64-fedora-clang | 1.19 | 202.66 | OK | |||
r-devel-linux-x86_64-fedora-gcc | 1.19 | 197.24 | OK | |||
r-devel-windows-x86_64 | 1.19 | 16.00 | 118.00 | 134.00 | NOTE | |
r-patched-linux-x86_64 | 1.19 | 23.41 | 100.79 | 124.20 | OK | |
r-release-linux-x86_64 | 1.19 | 14.89 | 101.09 | 115.98 | OK | |
r-release-macos-arm64 | 1.19 | 58.00 | OK | |||
r-release-macos-x86_64 | 1.19 | 87.00 | OK | |||
r-release-windows-x86_64 | 1.19 | 16.00 | 116.00 | 132.00 | OK | |
r-oldrel-macos-arm64 | 1.19 | 65.00 | OK | |||
r-oldrel-macos-x86_64 | 1.19 | 115.00 | OK | |||
r-oldrel-windows-x86_64 | 1.19 | 22.00 | 147.00 | 169.00 | OK |
Version: 1.19
Check: Rd cross-references
Result: NOTE
Found the following Rd file(s) with Rd \link{} targets missing package
anchors:
MIFAMD.Rd: with.mids, pool, summary.mira
MIMCA.Rd: with.mids, pool, summary.mira
MIPCA.Rd: with.mids, pool, summary.mira
prelim.Rd: with.mids, pool, summary.mira
Please provide package anchors for all Rd \link{} targets not in the
package itself and the base packages.
Flavors: r-devel-linux-x86_64-debian-clang, r-devel-linux-x86_64-debian-gcc, r-devel-windows-x86_64