Last updated on 2025-02-04 02:50:15 CET.
Flavor | Version | Tinstall | Tcheck | Ttotal | Status | Flags |
---|---|---|---|---|---|---|
r-devel-linux-x86_64-debian-clang | 1.4.0 | 41.44 | 26.39 | 67.83 | NOTE | |
r-devel-linux-x86_64-debian-gcc | 1.4.0 | 28.77 | 20.66 | 49.43 | NOTE | |
r-devel-linux-x86_64-fedora-clang | 1.4.0 | 129.30 | NOTE | |||
r-devel-linux-x86_64-fedora-gcc | 1.4.0 | 131.66 | NOTE | |||
r-devel-windows-x86_64 | 1.4.0 | 44.00 | 76.00 | 120.00 | NOTE | |
r-patched-linux-x86_64 | 1.4.0 | 41.18 | 24.71 | 65.89 | NOTE | |
r-release-linux-x86_64 | 1.4.0 | 42.16 | 24.88 | 67.04 | NOTE | |
r-release-macos-arm64 | 1.4.0 | 34.00 | NOTE | |||
r-release-macos-x86_64 | 1.4.0 | 39.00 | NOTE | |||
r-release-windows-x86_64 | 1.4.0 | 44.00 | 75.00 | 119.00 | NOTE | |
r-oldrel-macos-arm64 | 1.4.0 | 39.00 | NOTE | |||
r-oldrel-macos-x86_64 | 1.4.0 | 70.00 | NOTE | |||
r-oldrel-windows-x86_64 | 1.4.0 | 53.00 | 84.00 | 137.00 | NOTE |
Version: 1.4.0
Check: C++ specification
Result: NOTE
Specified C++11: please drop specification unless essential
Flavors: r-devel-linux-x86_64-debian-clang, r-devel-linux-x86_64-debian-gcc, r-devel-linux-x86_64-fedora-clang, r-devel-linux-x86_64-fedora-gcc, r-devel-windows-x86_64, r-patched-linux-x86_64, r-release-linux-x86_64, r-release-macos-arm64, r-release-macos-x86_64, r-release-windows-x86_64, r-oldrel-macos-arm64, r-oldrel-macos-x86_64, r-oldrel-windows-x86_64
Version: 1.4.0
Check: package subdirectories
Result: NOTE
Problems with news in ‘NEWS.md’:
No news entries found.
Flavors: r-devel-linux-x86_64-debian-clang, r-devel-linux-x86_64-debian-gcc, r-devel-linux-x86_64-fedora-clang, r-devel-linux-x86_64-fedora-gcc, r-devel-windows-x86_64, r-patched-linux-x86_64, r-release-linux-x86_64, r-release-macos-arm64, r-release-macos-x86_64, r-release-windows-x86_64, r-oldrel-macos-arm64, r-oldrel-macos-x86_64, r-oldrel-windows-x86_64