Last updated on 2024-07-01 04:48:39 CEST.
Flavor | Version | Tinstall | Tcheck | Ttotal | Status | Flags |
---|---|---|---|---|---|---|
r-devel-linux-x86_64-debian-clang | 1.0-3 | 86.99 | 35.37 | 122.36 | NOTE | |
r-devel-linux-x86_64-debian-gcc | 1.0-3 | 63.64 | 32.14 | 95.78 | NOTE | |
r-devel-linux-x86_64-fedora-clang | 1.0-3 | 160.52 | NOTE | |||
r-devel-linux-x86_64-fedora-gcc | 1.0-3 | 185.85 | NOTE | |||
r-devel-windows-x86_64 | 1.0-3 | 62.00 | 75.00 | 137.00 | NOTE | |
r-patched-linux-x86_64 | 1.0-3 | 76.43 | 38.64 | 115.07 | NOTE | |
r-release-linux-x86_64 | 1.0-3 | 80.22 | 39.91 | 120.13 | NOTE | |
r-release-macos-arm64 | 1.0-3 | 51.00 | NOTE | |||
r-release-macos-x86_64 | 1.0-3 | 59.00 | NOTE | |||
r-release-windows-x86_64 | 1.0-3 | 59.00 | 72.00 | 131.00 | NOTE | |
r-oldrel-macos-arm64 | 1.0-3 | 46.00 | NOTE | |||
r-oldrel-macos-x86_64 | 1.0-3 | 79.00 | NOTE | |||
r-oldrel-windows-x86_64 | 1.0-3 | 75.00 | 81.00 | 156.00 | NOTE |
Version: 1.0-3
Check: C++ specification
Result: NOTE
Specified C++11: please drop specification unless essential
Flavors: r-devel-linux-x86_64-debian-clang, r-devel-linux-x86_64-debian-gcc, r-devel-linux-x86_64-fedora-clang, r-devel-linux-x86_64-fedora-gcc, r-devel-windows-x86_64, r-patched-linux-x86_64, r-release-linux-x86_64, r-release-macos-arm64, r-release-macos-x86_64, r-release-windows-x86_64, r-oldrel-macos-arm64, r-oldrel-macos-x86_64, r-oldrel-windows-x86_64
Version: 1.0-3
Check: installed package size
Result: NOTE
installed size is 27.6Mb
sub-directories of 1Mb or more:
libs 27.5Mb
Flavors: r-release-macos-arm64, r-release-macos-x86_64, r-oldrel-macos-arm64, r-oldrel-macos-x86_64