Last updated on 2024-07-01 04:48:39 CEST.
Flavor | Version | Tinstall | Tcheck | Ttotal | Status | Flags |
---|---|---|---|---|---|---|
r-devel-linux-x86_64-debian-clang | 0.0.4-1 | 33.02 | 223.43 | 256.45 | OK | |
r-devel-linux-x86_64-debian-gcc | 0.0.4-1 | 25.83 | 158.67 | 184.50 | ERROR | |
r-devel-linux-x86_64-fedora-clang | 0.0.4-1 | 338.88 | ERROR | |||
r-devel-linux-x86_64-fedora-gcc | 0.0.4-1 | 307.84 | ERROR | |||
r-devel-windows-x86_64 | 0.0.4-1 | 27.00 | 576.00 | 603.00 | OK | |
r-patched-linux-x86_64 | 0.0.4-1 | 42.09 | 213.57 | 255.66 | OK | |
r-release-linux-x86_64 | 0.0.4-1 | 29.84 | 218.32 | 248.16 | ERROR | |
r-release-macos-arm64 | 0.0.4-1 | 155.00 | OK | |||
r-release-macos-x86_64 | 0.0.4-1 | 472.00 | OK | |||
r-release-windows-x86_64 | 0.0.4-1 | 27.00 | 589.00 | 616.00 | OK | |
r-oldrel-macos-arm64 | 0.0.4-1 | 149.00 | OK | |||
r-oldrel-macos-x86_64 | 0.0.4-1 | 302.00 | OK | |||
r-oldrel-windows-x86_64 | 0.0.4-1 | 36.00 | 843.00 | 879.00 | ERROR |
Version: 0.0.4-1
Check: tests
Result: ERROR
Running ‘tinytest.R’ [0m/15m]
Running the tests in ‘tests/tinytest.R’ failed.
Complete output:
>
> if (requireNamespace("tinytest", quietly = TRUE)) {
+ tinytest::test_package("miesmuschel", at_home = identical(Sys.getenv("NOT_CRAN"), "true"), ncpu = 2)
+ Sys.sleep(5) # wait for parallel workers to quit
+ }
starting worker pid=3841264 on localhost:11207 at 00:50:32.438
starting worker pid=3841263 on localhost:11207 at 00:50:32.522
Loading required package: paradox
Loading required package: paradox
Attaching package: 'bbotk'
The following objects are masked from 'package:miesmuschel':
OptimInstanceMultiCrit, OptimInstanceSingleCrit, Optimizer
Attaching package: 'bbotk'
The following objects are masked from 'package:miesmuschel':
OptimInstanceMultiCrit, OptimInstanceSingleCrit, Optimizer
OptimInstanceSingleCrit is deprecated. Use OptimInstanceBatchSingleCrit instead.
OptimInstanceSingleCrit is deprecated. Use OptimInstanceBatchSingleCrit instead.
OptimInstanceMultiCrit is deprecated. Use OptimInstanceBatchMultiCrit instead.
test_mies_survival_comma.R.... 46 tests <1b>[0;32mOK<1b>[0m <1b>[0;34m9.9s<1b>[0m
OptimInstanceSingleCrit is deprecated. Use OptimInstanceBatchSingleCrit instead.
OptimInstanceMultiCrit is deprecated. Use OptimInstanceBatchMultiCrit instead.
test_mies_survival_plus.R..... 28 tests <1b>[0;32mOK<1b>[0m <1b>[0;34m6.5s<1b>[0m
OptimInstanceSingleCrit is deprecated. Use OptimInstanceBatchSingleCrit instead.
test_OptimizerMies.R.......... 54 tests <1b>[0;32mOK<1b>[0m <1b>[0;34m34.5s<1b>[0m
test_ParamSetShadow.R......... 41 tests <1b>[0;32mOK<1b>[0m <1b>[0;34m1.0s<1b>[0m
OptimInstanceSingleCrit is deprecated. Use OptimInstanceBatchSingleCrit instead.
OptimInstanceMultiCrit is deprecated. Use OptimInstanceBatchMultiCrit instead.
OptimInstanceSingleCrit is deprecated. Use OptimInstanceBatchSingleCrit instead.
test_mutator_cmpmaybe.R....... 93 tests <1b>[0;32mOK<1b>[0m <1b>[0;34m26.9s<1b>[0m
test_TerminatorBudget.R....... 31 tests <1b>[0;32mOK<1b>[0m <1b>[0;34m9.6s<1b>[0m
test_TerminatorGenerationPerfReached.R 0 tests <1b>[0;36m2ms<1b>[0m
test_TerminatorGenerationStagnation.R 0 tests <1b>[0;36m15ms<1b>[0m
OptimInstanceSingleCrit is deprecated. Use OptimInstanceBatchSingleCrit instead.
OptimInstanceMultiCrit is deprecated. Use OptimInstanceBatchMultiCrit instead.
OptimInstanceSingleCrit is deprecated. Use OptimInstanceBatchSingleCrit instead.
test_TerminatorGenerations.R.. 22 tests <1b>[0;32mOK<1b>[0m <1b>[0;34m7.7s<1b>[0m
test_TunerMies.R.............. 2 tests <1b>[0;32mOK<1b>[0m <1b>[0;34m19.7s<1b>[0m
test_mutator_erase.R.......... 41 tests <1b>[0;32mOK<1b>[0m <1b>[0;34m1.5s<1b>[0m
test_mutator_gauss.R.......... 62 tests <1b>[0;32mOK<1b>[0m <1b>[0;34m29.8s<1b>[0m
test_mutator_maybe.R.......... 90 tests <1b>[0;32mOK<1b>[0m <1b>[0;34m17.6s<1b>[0m
test_mutator_null.R........... 24 tests <1b>[0;32mOK<1b>[0m <1b>[0;34m2.8s<1b>[0m
test_mutator_proxy.R.......... 69 tests <1b>[0;32mOK<1b>[0m <1b>[0;34m41.2s<1b>[0m
test_mutator_unif.R........... 41 tests <1b>[0;32mOK<1b>[0m <1b>[0;34m2.6s<1b>[0m
test_operator.R............... 40 tests <1b>[0;32mOK<1b>[0m <1b>[0;34m1.2s<1b>[0m
test_operatorcombination.R.... 211 tests <1b>[0;32mOK<1b>[0m <1b>[0;34m27.9s<1b>[0m
test_recombinator_maybe.R..... 69 tests <1b>[0;32mOK<1b>[0m <1b>[0;34m26.4s<1b>[0m
test_recombinator_null.R...... 37 tests <1b>[0;32mOK<1b>[0m <1b>[0;34m5.1s<1b>[0m
test_recombinator_proxy.R..... 102 tests <1b>[0;32mOK<1b>[0m <1b>[0;34m19.5s<1b>[0m
test_recombinator_sbx.R....... 29 tests <1b>[0;32mOK<1b>[0m <1b>[0;34m2.9s<1b>[0m
test_recombinator_xounif.R.... 60 tests <1b>[0;32mOK<1b>[0m <1b>[0;34m15.2s<1b>[0m
test_scalor_one.R............. 35 tests <1b>[0;32mOK<1b>[0m <1b>[0;34m3.5s<1b>[0m
test_selector_best.R.......... 147 tests <1b>[0;32mOK<1b>[0m <1b>[0;34m33.2s<1b>[0m
test_dictionaries.R........... 693 tests <1b>[0;32mOK<1b>[0m <1b>[0;34m7.4s<1b>[0m
test_selector_proxy.R......... 114 tests <1b>[0;32mOK<1b>[0m <1b>[0;34m30.8s<1b>[0m
test_selector_random.R........ 106 tests <1b>[0;32mOK<1b>[0m <1b>[0;34m7.1s<1b>[0m
test_shortforms.R............. 20 tests <1b>[0;32mOK<1b>[0m <1b>[0;34m48.1s<1b>[0m
test_utils.R.................. 5 tests <1b>[0;32mOK<1b>[0m <1b>[0;34m1.5s<1b>[0m
test_filtor_maybe.R........... 104 tests <1b>[0;32mOK<1b>[0m <1b>[0;34m2.3s<1b>[0m
test_filtor_null.R............ 57 tests <1b>[0;32mOK<1b>[0m <1b>[0;34m5.7s<1b>[0m
test_filtor_proxy.R........... 92 tests <1b>[0;32mOK<1b>[0m <1b>[0;34m15.9s<1b>[0m
test_filtor_surprog.R......... 172 tests <1b>[0;32mOK<1b>[0m <1b>[0;34m55.0s<1b>[0m
test_mies_aggregate_single_generation.R 0 tests <1b>[0;36m9ms<1b>[0m
OptimInstanceSingleCrit is deprecated. Use OptimInstanceBatchSingleCrit instead.
OptimInstanceSingleCrit is deprecated. Use OptimInstanceBatchSingleCrit instead.
OptimInstanceSingleCrit is deprecated. Use OptimInstanceBatchSingleCrit instead.
OptimInstanceSingleCrit is deprecated. Use OptimInstanceBatchSingleCrit instead.
OptimInstanceMultiCrit is deprecated. Use OptimInstanceBatchMultiCrit instead.
OptimInstanceMultiCrit is deprecated. Use OptimInstanceBatchMultiCrit instead.
test_mies_evaluate_offspring.R 24 tests <1b>[0;32mOK<1b>[0m <1b>[0;34m4.9s<1b>[0m
OptimInstanceSingleCrit is deprecated. Use OptimInstanceBatchSingleCrit instead.
OptimInstanceSingleCrit is deprecated. Use OptimInstanceBatchSingleCrit instead.
OptimInstanceMultiCrit is deprecated. Use OptimInstanceBatchMultiCrit instead.
OptimInstanceSingleCrit is deprecated. Use OptimInstanceBatchSingleCrit instead.
test_mies_filter_offspring.R.. 35 tests <1b>[0;31m1 fails<1b>[0m <1b>[0;34m1.3s<1b>[0m
OptimInstanceSingleCrit is deprecated. Use OptimInstanceBatchSingleCrit instead.
OptimInstanceSingleCrit is deprecated. Use OptimInstanceBatchSingleCrit instead.
test_mies_generate_offspring.R 38 tests <1b>[0;32mOK<1b>[0m <1b>[0;34m20.3s<1b>[0m
test_mies_generation_apply.R.. 0 tests <1b>[0;36m6ms<1b>[0m
OptimInstanceSingleCrit is deprecated. Use OptimInstanceBatchSingleCrit instead.
OptimInstanceSingleCrit is deprecated. Use OptimInstanceBatchSingleCrit instead.
OptimInstanceMultiCrit is deprecated. Use OptimInstanceBatchMultiCrit instead.
OptimInstanceMultiCrit is deprecated. Use OptimInstanceBatchMultiCrit instead.
OptimInstanceMultiCrit is deprecated. Use OptimInstanceBatchMultiCrit instead.
test_mies_get_fitnesses.R..... 12 tests <1b>[0;32mOK<1b>[0m <1b>[0;34m6.9s<1b>[0m
OptimInstanceSingleCrit is deprecated. Use OptimInstanceBatchSingleCrit instead.
OptimInstanceSingleCrit is deprecated. Use OptimInstanceBatchSingleCrit instead.
OptimInstanceSingleCrit is deprecated. Use OptimInstanceBatchSingleCrit instead.
OptimInstanceSingleCrit is deprecated. Use OptimInstanceBatchSingleCrit instead.
OptimInstanceSingleCrit is deprecated. Use OptimInstanceBatchSingleCrit instead.
OptimInstanceSingleCrit is deprecated. Use OptimInstanceBatchSingleCrit instead.
OptimInstanceMultiCrit is deprecated. Use OptimInstanceBatchMultiCrit instead.
OptimInstanceSingleCrit is deprecated. Use OptimInstanceBatchSingleCrit instead.
test_mies_init_population.R... 47 tests <1b>[0;32mOK<1b>[0m <1b>[0;34m17.4s<1b>[0m
test_mies_prime_operators.R... 39 tests <1b>[0;32mOK<1b>[0m <1b>[0;34m3.0s<1b>[0m
OptimInstanceSingleCrit is deprecated. Use OptimInstanceBatchSingleCrit instead.
OptimInstanceSingleCrit is deprecated. Use OptimInstanceBatchSingleCrit instead.
OptimInstanceMultiCrit is deprecated. Use OptimInstanceBatchMultiCrit instead.
test_mies_select_from_archive.R 15 tests <1b>[0;32mOK<1b>[0m <1b>[0;34m8.2s<1b>[0m
OptimInstanceSingleCrit is deprecated. Use OptimInstanceBatchSingleCrit instead.
OptimInstanceMultiCrit is deprecated. Use OptimInstanceBatchMultiCrit instead.
test_mies_step_fidelity.R..... 18 tests <1b>[0;32mOK<1b>[0m <1b>[0;34m13.8s<1b>[0m
----- FAILED[data]: test_mies_filter_offspring.R<119--119>
call| expect_equal(oibig_clone, oibig)
diff| Component "objective": Component "context": 'current' is not an environment
Error: 1 out of 2965 tests failed
Warning message:
closing unused connection 3 (->localhost:11207)
Execution halted
Warning message:
closing unused connection 3 (->localhost:11207)
Flavor: r-devel-linux-x86_64-debian-gcc
Version: 0.0.4-1
Check: tests
Result: ERROR
Running ‘tinytest.R’ [0m/18m]
Running the tests in ‘tests/tinytest.R’ failed.
Complete output:
>
> if (requireNamespace("tinytest", quietly = TRUE)) {
+ tinytest::test_package("miesmuschel", at_home = identical(Sys.getenv("NOT_CRAN"), "true"), ncpu = 2)
+ Sys.sleep(5) # wait for parallel workers to quit
+ }
starting worker pid=3504895 on localhost:11225 at 10:07:05.027
starting worker pid=3504894 on localhost:11225 at 10:07:05.919
Loading required package: paradox
Loading required package: paradox
Attaching package: 'bbotk'
The following objects are masked from 'package:miesmuschel':
OptimInstanceMultiCrit, OptimInstanceSingleCrit, Optimizer
Attaching package: 'bbotk'
The following objects are masked from 'package:miesmuschel':
OptimInstanceMultiCrit, OptimInstanceSingleCrit, Optimizer
OptimInstanceSingleCrit is deprecated. Use OptimInstanceBatchSingleCrit instead.
OptimInstanceSingleCrit is deprecated. Use OptimInstanceBatchSingleCrit instead.
OptimInstanceMultiCrit is deprecated. Use OptimInstanceBatchMultiCrit instead.
test_mies_survival_comma.R.... 46 tests <1b>[0;32mOK<1b>[0m <1b>[0;34m37.9s<1b>[0m
OptimInstanceSingleCrit is deprecated. Use OptimInstanceBatchSingleCrit instead.
OptimInstanceMultiCrit is deprecated. Use OptimInstanceBatchMultiCrit instead.
test_mies_survival_plus.R..... 28 tests <1b>[0;32mOK<1b>[0m <1b>[0;34m27.3s<1b>[0m
OptimInstanceSingleCrit is deprecated. Use OptimInstanceBatchSingleCrit instead.
test_OptimizerMies.R.......... 54 tests <1b>[0;32mOK<1b>[0m <1b>[0;34m2.4s<1b>[0m
test_ParamSetShadow.R......... 41 tests <1b>[0;32mOK<1b>[0m <1b>[0;34m4.3s<1b>[0m
OptimInstanceSingleCrit is deprecated. Use OptimInstanceBatchSingleCrit instead.
test_mutator_cmpmaybe.R....... 93 tests <1b>[0;32mOK<1b>[0m <1b>[0;34m1.4s<1b>[0m
OptimInstanceMultiCrit is deprecated. Use OptimInstanceBatchMultiCrit instead.
OptimInstanceSingleCrit is deprecated. Use OptimInstanceBatchSingleCrit instead.
test_TerminatorBudget.R....... 31 tests <1b>[0;32mOK<1b>[0m <1b>[0;34m32.4s<1b>[0m
test_TerminatorGenerationPerfReached.R 0 tests <1b>[0;34m0.1s<1b>[0m
test_TerminatorGenerationStagnation.R 0 tests <1b>[0;36m10ms<1b>[0m
OptimInstanceSingleCrit is deprecated. Use OptimInstanceBatchSingleCrit instead.
OptimInstanceMultiCrit is deprecated. Use OptimInstanceBatchMultiCrit instead.
OptimInstanceSingleCrit is deprecated. Use OptimInstanceBatchSingleCrit instead.
test_TerminatorGenerations.R.. 22 tests <1b>[0;32mOK<1b>[0m <1b>[0;34m18.6s<1b>[0m
test_TunerMies.R.............. 2 tests <1b>[0;32mOK<1b>[0m <1b>[0;34m45.5s<1b>[0m
test_mutator_erase.R.......... 41 tests <1b>[0;32mOK<1b>[0m <1b>[0;34m3.3s<1b>[0m
test_mutator_gauss.R.......... 62 tests <1b>[0;32mOK<1b>[0m <1b>[0;34m54.5s<1b>[0m
test_mutator_maybe.R.......... 90 tests <1b>[0;32mOK<1b>[0m <1b>[0;34m25.6s<1b>[0m
test_mutator_null.R........... 24 tests <1b>[0;32mOK<1b>[0m <1b>[0;34m4.4s<1b>[0m
test_mutator_proxy.R.......... 69 tests <1b>[0;32mOK<1b>[0m <1b>[0;34m55.2s<1b>[0m
test_mutator_unif.R........... 41 tests <1b>[0;32mOK<1b>[0m <1b>[0;34m2.4s<1b>[0m
test_operator.R............... 40 tests <1b>[0;32mOK<1b>[0m <1b>[0;34m1.0s<1b>[0m
test_operatorcombination.R.... 211 tests <1b>[0;32mOK<1b>[0m <1b>[0;34m27.0s<1b>[0m
test_recombinator_maybe.R..... 69 tests <1b>[0;32mOK<1b>[0m <1b>[0;34m21.4s<1b>[0m
test_recombinator_null.R...... 37 tests <1b>[0;32mOK<1b>[0m <1b>[0;34m4.5s<1b>[0m
test_recombinator_proxy.R..... 102 tests <1b>[0;32mOK<1b>[0m <1b>[0;34m20.0s<1b>[0m
test_recombinator_sbx.R....... 29 tests <1b>[0;32mOK<1b>[0m <1b>[0;34m3.6s<1b>[0m
test_recombinator_xounif.R.... 60 tests <1b>[0;32mOK<1b>[0m <1b>[0;34m16.0s<1b>[0m
test_scalor_one.R............. 35 tests <1b>[0;32mOK<1b>[0m <1b>[0;34m2.8s<1b>[0m
test_dictionaries.R........... 693 tests <1b>[0;32mOK<1b>[0m <1b>[0;34m8.3s<1b>[0m
test_selector_best.R.......... 147 tests <1b>[0;32mOK<1b>[0m <1b>[0;34m29.9s<1b>[0m
test_selector_proxy.R......... 114 tests <1b>[0;32mOK<1b>[0m <1b>[0;34m27.6s<1b>[0m
test_selector_random.R........ 106 tests <1b>[0;32mOK<1b>[0m <1b>[0;34m7.8s<1b>[0m
test_shortforms.R............. 20 tests <1b>[0;32mOK<1b>[0m <1b>[0;34m50.5s<1b>[0m
test_utils.R.................. 5 tests <1b>[0;32mOK<1b>[0m <1b>[0;34m1.2s<1b>[0m
test_filtor_maybe.R........... 104 tests <1b>[0;32mOK<1b>[0m <1b>[0;34m2.0s<1b>[0m
test_filtor_null.R............ 57 tests <1b>[0;32mOK<1b>[0m <1b>[0;34m5.9s<1b>[0m
test_filtor_proxy.R........... 92 tests <1b>[0;32mOK<1b>[0m <1b>[0;34m12.7s<1b>[0m
test_filtor_surprog.R......... 172 tests <1b>[0;32mOK<1b>[0m <1b>[0;34m54.6s<1b>[0m
test_mies_aggregate_single_generation.R 0 tests <1b>[0;36m11ms<1b>[0m
OptimInstanceSingleCrit is deprecated. Use OptimInstanceBatchSingleCrit instead.
OptimInstanceSingleCrit is deprecated. Use OptimInstanceBatchSingleCrit instead.
OptimInstanceSingleCrit is deprecated. Use OptimInstanceBatchSingleCrit instead.
OptimInstanceSingleCrit is deprecated. Use OptimInstanceBatchSingleCrit instead.
OptimInstanceMultiCrit is deprecated. Use OptimInstanceBatchMultiCrit instead.
OptimInstanceMultiCrit is deprecated. Use OptimInstanceBatchMultiCrit instead.
test_mies_evaluate_offspring.R 24 tests <1b>[0;32mOK<1b>[0m <1b>[0;34m6.8s<1b>[0m
OptimInstanceSingleCrit is deprecated. Use OptimInstanceBatchSingleCrit instead.
OptimInstanceSingleCrit is deprecated. Use OptimInstanceBatchSingleCrit instead.
OptimInstanceMultiCrit is deprecated. Use OptimInstanceBatchMultiCrit instead.
OptimInstanceSingleCrit is deprecated. Use OptimInstanceBatchSingleCrit instead.
test_mies_filter_offspring.R.. 35 tests <1b>[0;31m1 fails<1b>[0m <1b>[0;34m1.2s<1b>[0m
OptimInstanceSingleCrit is deprecated. Use OptimInstanceBatchSingleCrit instead.
OptimInstanceSingleCrit is deprecated. Use OptimInstanceBatchSingleCrit instead.
test_mies_generate_offspring.R 38 tests <1b>[0;32mOK<1b>[0m <1b>[0;34m20.0s<1b>[0m
test_mies_generation_apply.R.. 0 tests <1b>[0;36m9ms<1b>[0m
OptimInstanceSingleCrit is deprecated. Use OptimInstanceBatchSingleCrit instead.
OptimInstanceSingleCrit is deprecated. Use OptimInstanceBatchSingleCrit instead.
OptimInstanceMultiCrit is deprecated. Use OptimInstanceBatchMultiCrit instead.
OptimInstanceMultiCrit is deprecated. Use OptimInstanceBatchMultiCrit instead.
OptimInstanceMultiCrit is deprecated. Use OptimInstanceBatchMultiCrit instead.
test_mies_get_fitnesses.R..... 12 tests <1b>[0;32mOK<1b>[0m <1b>[0;34m7.0s<1b>[0m
OptimInstanceSingleCrit is deprecated. Use OptimInstanceBatchSingleCrit instead.
OptimInstanceSingleCrit is deprecated. Use OptimInstanceBatchSingleCrit instead.
OptimInstanceSingleCrit is deprecated. Use OptimInstanceBatchSingleCrit instead.
OptimInstanceSingleCrit is deprecated. Use OptimInstanceBatchSingleCrit instead.
OptimInstanceSingleCrit is deprecated. Use OptimInstanceBatchSingleCrit instead.
OptimInstanceSingleCrit is deprecated. Use OptimInstanceBatchSingleCrit instead.
OptimInstanceMultiCrit is deprecated. Use OptimInstanceBatchMultiCrit instead.
OptimInstanceSingleCrit is deprecated. Use OptimInstanceBatchSingleCrit instead.
test_mies_init_population.R... 47 tests <1b>[0;32mOK<1b>[0m <1b>[0;34m15.9s<1b>[0m
test_mies_prime_operators.R... 39 tests <1b>[0;32mOK<1b>[0m <1b>[0;34m2.8s<1b>[0m
OptimInstanceSingleCrit is deprecated. Use OptimInstanceBatchSingleCrit instead.
OptimInstanceSingleCrit is deprecated. Use OptimInstanceBatchSingleCrit instead.
OptimInstanceMultiCrit is deprecated. Use OptimInstanceBatchMultiCrit instead.
test_mies_select_from_archive.R 15 tests <1b>[0;32mOK<1b>[0m <1b>[0;34m7.6s<1b>[0m
OptimInstanceSingleCrit is deprecated. Use OptimInstanceBatchSingleCrit instead.
OptimInstanceMultiCrit is deprecated. Use OptimInstanceBatchMultiCrit instead.
test_mies_step_fidelity.R..... 18 tests <1b>[0;32mOK<1b>[0m <1b>[0;34m12.9s<1b>[0m
----- FAILED[data]: test_mies_filter_offspring.R<119--119>
call| expect_equal(oibig_clone, oibig)
diff| Component "objective": Component "context": 'current' is not an environment
Error: 1 out of 2965 tests failed
Warning message:
closing unused connection 3 (->localhost:11225)
Execution halted
Warning message:
closing unused connection 3 (->localhost:11225)
Flavor: r-devel-linux-x86_64-fedora-clang
Version: 0.0.4-1
Check: tests
Result: ERROR
Running ‘tinytest.R’ [0m/13m]
Running the tests in ‘tests/tinytest.R’ failed.
Complete output:
>
> if (requireNamespace("tinytest", quietly = TRUE)) {
+ tinytest::test_package("miesmuschel", at_home = identical(Sys.getenv("NOT_CRAN"), "true"), ncpu = 2)
+ Sys.sleep(5) # wait for parallel workers to quit
+ }
starting worker pid=489126 on localhost:11418 at 20:31:36.909
starting worker pid=489127 on localhost:11418 at 20:31:37.126
Loading required package: paradox
Loading required package: paradox
Attaching package: 'bbotk'
The following objects are masked from 'package:miesmuschel':
OptimInstanceMultiCrit, OptimInstanceSingleCrit, Optimizer
OptimInstanceSingleCrit is deprecated. Use OptimInstanceBatchSingleCrit instead.
OptimInstanceMultiCrit is deprecated. Use OptimInstanceBatchMultiCrit instead.
Attaching package: 'bbotk'
The following objects are masked from 'package:miesmuschel':
OptimInstanceMultiCrit, OptimInstanceSingleCrit, Optimizer
OptimInstanceSingleCrit is deprecated. Use OptimInstanceBatchSingleCrit instead.
test_mies_survival_comma.R.... 46 tests <1b>[0;32mOK<1b>[0m <1b>[0;34m13.6s<1b>[0m
OptimInstanceSingleCrit is deprecated. Use OptimInstanceBatchSingleCrit instead.
OptimInstanceMultiCrit is deprecated. Use OptimInstanceBatchMultiCrit instead.
test_mies_survival_plus.R..... 28 tests <1b>[0;32mOK<1b>[0m <1b>[0;34m7.6s<1b>[0m
OptimInstanceSingleCrit is deprecated. Use OptimInstanceBatchSingleCrit instead.
test_mutator_cmpmaybe.R....... 93 tests <1b>[0;32mOK<1b>[0m <1b>[0;34m44.4s<1b>[0m
test_OptimizerMies.R.......... 54 tests <1b>[0;32mOK<1b>[0m <1b>[0;34m1.1s<1b>[0m
test_ParamSetShadow.R......... 41 tests <1b>[0;32mOK<1b>[0m <1b>[0;34m3.4s<1b>[0m
OptimInstanceSingleCrit is deprecated. Use OptimInstanceBatchSingleCrit instead.
OptimInstanceMultiCrit is deprecated. Use OptimInstanceBatchMultiCrit instead.
OptimInstanceSingleCrit is deprecated. Use OptimInstanceBatchSingleCrit instead.
test_TerminatorBudget.R....... 31 tests <1b>[0;32mOK<1b>[0m <1b>[0;34m28.2s<1b>[0m
test_TerminatorGenerationPerfReached.R 0 tests <1b>[0;36m2ms<1b>[0m
test_TerminatorGenerationStagnation.R 0 tests <1b>[0;36m2ms<1b>[0m
OptimInstanceSingleCrit is deprecated. Use OptimInstanceBatchSingleCrit instead.
OptimInstanceMultiCrit is deprecated. Use OptimInstanceBatchMultiCrit instead.
OptimInstanceSingleCrit is deprecated. Use OptimInstanceBatchSingleCrit instead.
test_TerminatorGenerations.R.. 22 tests <1b>[0;32mOK<1b>[0m <1b>[0;34m10.7s<1b>[0m
OptimInstanceSingleCrit is deprecated. Use OptimInstanceBatchSingleCrit instead.
test_mutator_erase.R.......... 41 tests <1b>[0;32mOK<1b>[0m <1b>[0;34m1.9s<1b>[0m
test_mutator_gauss.R.......... 62 tests <1b>[0;32mOK<1b>[0m <1b>[0;34m37.8s<1b>[0m
test_mutator_maybe.R.......... 90 tests <1b>[0;32mOK<1b>[0m <1b>[0;34m24.7s<1b>[0m
test_mutator_null.R........... 24 tests <1b>[0;32mOK<1b>[0m <1b>[0;34m3.6s<1b>[0m
test_mutator_proxy.R.......... 69 tests <1b>[0;32mOK<1b>[0m <1b>[0;34m54.4s<1b>[0m
test_mutator_unif.R........... 41 tests <1b>[0;32mOK<1b>[0m <1b>[0;34m2.9s<1b>[0m
test_operator.R............... 40 tests <1b>[0;32mOK<1b>[0m <1b>[0;34m1.0s<1b>[0m
test_operatorcombination.R.... 211 tests <1b>[0;32mOK<1b>[0m <1b>[0;34m27.5s<1b>[0m
test_recombinator_maybe.R..... 69 tests <1b>[0;32mOK<1b>[0m <1b>[0;34m26.7s<1b>[0m
test_recombinator_null.R...... 37 tests <1b>[0;32mOK<1b>[0m <1b>[0;34m3.9s<1b>[0m
test_recombinator_proxy.R..... 102 tests <1b>[0;32mOK<1b>[0m <1b>[0;34m19.8s<1b>[0m
test_recombinator_sbx.R....... 29 tests <1b>[0;32mOK<1b>[0m <1b>[0;34m4.3s<1b>[0m
test_recombinator_xounif.R.... 60 tests <1b>[0;32mOK<1b>[0m <1b>[0;34m18.7s<1b>[0m
test_scalor_one.R............. 35 tests <1b>[0;32mOK<1b>[0m <1b>[0;34m3.4s<1b>[0m
test_selector_best.R.......... 147 tests <1b>[0;32mOK<1b>[0m <1b>[0;34m40.8s<1b>[0m
test_selector_proxy.R......... 114 tests <1b>[0;32mOK<1b>[0m <1b>[0;34m59.7s<1b>[0m
test_selector_random.R........ 106 tests <1b>[0;32mOK<1b>[0m <1b>[0;34m17.3s<1b>[0m
test_shortforms.R............. 20 tests <1b>[0;32mOK<1b>[0m <1b>[0;34m1.6s<1b>[0m
test_utils.R.................. 5 tests <1b>[0;32mOK<1b>[0m <1b>[0;34m2.2s<1b>[0m
Error in checkForRemoteErrors(val) :
one node produced an error: argument is of length zero
Calls: <Anonymous> ... clusterApply -> staticClusterApply -> checkForRemoteErrors
Warning message:
closing unused connection 3 (->localhost:11418)
Execution halted
Warning message:
closing unused connection 3 (->localhost:11418)
Flavor: r-devel-linux-x86_64-fedora-gcc
Version: 0.0.4-1
Check: tests
Result: ERROR
Running ‘tinytest.R’ [0m/16m]
Running the tests in ‘tests/tinytest.R’ failed.
Complete output:
>
> if (requireNamespace("tinytest", quietly = TRUE)) {
+ tinytest::test_package("miesmuschel", at_home = identical(Sys.getenv("NOT_CRAN"), "true"), ncpu = 2)
+ Sys.sleep(5) # wait for parallel workers to quit
+ }
starting worker pid=236542 on localhost:11650 at 13:56:50.554
starting worker pid=236543 on localhost:11650 at 13:56:50.579
Loading required package: paradox
Loading required package: paradox
Attaching package: 'bbotk'
The following objects are masked from 'package:miesmuschel':
OptimInstanceMultiCrit, OptimInstanceSingleCrit, Optimizer
Attaching package: 'bbotk'
The following objects are masked from 'package:miesmuschel':
OptimInstanceMultiCrit, OptimInstanceSingleCrit, Optimizer
OptimInstanceSingleCrit is deprecated. Use OptimInstanceBatchSingleCrit instead.
OptimInstanceSingleCrit is deprecated. Use OptimInstanceBatchSingleCrit instead.
OptimInstanceMultiCrit is deprecated. Use OptimInstanceBatchMultiCrit instead.
test_mies_survival_comma.R.... 46 tests <1b>[0;32mOK<1b>[0m <1b>[0;34m10.2s<1b>[0m
OptimInstanceSingleCrit is deprecated. Use OptimInstanceBatchSingleCrit instead.
OptimInstanceMultiCrit is deprecated. Use OptimInstanceBatchMultiCrit instead.
test_mies_survival_plus.R..... 28 tests <1b>[0;32mOK<1b>[0m <1b>[0;34m5.5s<1b>[0m
OptimInstanceSingleCrit is deprecated. Use OptimInstanceBatchSingleCrit instead.
test_OptimizerMies.R.......... 54 tests <1b>[0;32mOK<1b>[0m <1b>[0;34m39.5s<1b>[0m
test_ParamSetShadow.R......... 41 tests <1b>[0;32mOK<1b>[0m <1b>[0;34m1.5s<1b>[0m
OptimInstanceSingleCrit is deprecated. Use OptimInstanceBatchSingleCrit instead.
test_mutator_cmpmaybe.R....... 93 tests <1b>[0;32mOK<1b>[0m <1b>[0;34m27.7s<1b>[0m
OptimInstanceMultiCrit is deprecated. Use OptimInstanceBatchMultiCrit instead.
OptimInstanceSingleCrit is deprecated. Use OptimInstanceBatchSingleCrit instead.
test_TerminatorBudget.R....... 31 tests <1b>[0;32mOK<1b>[0m <1b>[0;34m11.1s<1b>[0m
test_TerminatorGenerationPerfReached.R 0 tests <1b>[0;36m3ms<1b>[0m
test_TerminatorGenerationStagnation.R 0 tests <1b>[0;36m2ms<1b>[0m
OptimInstanceSingleCrit is deprecated. Use OptimInstanceBatchSingleCrit instead.
OptimInstanceMultiCrit is deprecated. Use OptimInstanceBatchMultiCrit instead.
OptimInstanceSingleCrit is deprecated. Use OptimInstanceBatchSingleCrit instead.
test_TerminatorGenerations.R.. 22 tests <1b>[0;32mOK<1b>[0m <1b>[0;34m8.4s<1b>[0m
test_TunerMies.R.............. 2 tests <1b>[0;32mOK<1b>[0m <1b>[0;34m16.9s<1b>[0m
test_mutator_erase.R.......... 41 tests <1b>[0;32mOK<1b>[0m <1b>[0;34m1.5s<1b>[0m
test_mutator_gauss.R.......... 62 tests <1b>[0;32mOK<1b>[0m <1b>[0;34m29.0s<1b>[0m
test_mutator_maybe.R.......... 90 tests <1b>[0;32mOK<1b>[0m <1b>[0;34m19.9s<1b>[0m
test_mutator_null.R........... 24 tests <1b>[0;32mOK<1b>[0m <1b>[0;34m2.5s<1b>[0m
test_mutator_proxy.R.......... 69 tests <1b>[0;32mOK<1b>[0m <1b>[0;34m43.4s<1b>[0m
test_mutator_unif.R........... 41 tests <1b>[0;32mOK<1b>[0m <1b>[0;34m2.2s<1b>[0m
test_operator.R............... 40 tests <1b>[0;32mOK<1b>[0m <1b>[0;34m1.2s<1b>[0m
test_operatorcombination.R.... 211 tests <1b>[0;32mOK<1b>[0m <1b>[0;34m29.6s<1b>[0m
test_recombinator_maybe.R..... 69 tests <1b>[0;32mOK<1b>[0m <1b>[0;34m24.3s<1b>[0m
test_recombinator_null.R...... 37 tests <1b>[0;32mOK<1b>[0m <1b>[0;34m4.3s<1b>[0m
test_recombinator_proxy.R..... 102 tests <1b>[0;32mOK<1b>[0m <1b>[0;34m19.0s<1b>[0m
test_recombinator_sbx.R....... 29 tests <1b>[0;32mOK<1b>[0m <1b>[0;34m3.7s<1b>[0m
test_recombinator_xounif.R.... 60 tests <1b>[0;32mOK<1b>[0m <1b>[0;34m17.7s<1b>[0m
test_scalor_one.R............. 35 tests <1b>[0;32mOK<1b>[0m <1b>[0;34m3.4s<1b>[0m
test_dictionaries.R........... 693 tests <1b>[0;32mOK<1b>[0m <1b>[0;34m6.9s<1b>[0m
test_selector_best.R.......... 147 tests <1b>[0;32mOK<1b>[0m <1b>[0;34m31.1s<1b>[0m
test_selector_proxy.R......... 114 tests <1b>[0;32mOK<1b>[0m <1b>[0;34m29.6s<1b>[0m
test_selector_random.R........ 106 tests <1b>[0;32mOK<1b>[0m <1b>[0;34m7.6s<1b>[0m
test_shortforms.R............. 20 tests <1b>[0;32mOK<1b>[0m <1b>[0;34m54.4s<1b>[0m
test_utils.R.................. 5 tests <1b>[0;32mOK<1b>[0m <1b>[0;34m1.1s<1b>[0m
test_filtor_maybe.R........... 104 tests <1b>[0;32mOK<1b>[0m <1b>[0;34m2.4s<1b>[0m
test_filtor_null.R............ 57 tests <1b>[0;32mOK<1b>[0m <1b>[0;34m7.1s<1b>[0m
test_filtor_proxy.R........... 92 tests <1b>[0;32mOK<1b>[0m <1b>[0;34m13.7s<1b>[0m
test_filtor_surprog.R......... 172 tests <1b>[0;32mOK<1b>[0m <1b>[0;34m1.0s<1b>[0m
test_mies_aggregate_single_generation.R 0 tests <1b>[0;36m21ms<1b>[0m
OptimInstanceSingleCrit is deprecated. Use OptimInstanceBatchSingleCrit instead.
OptimInstanceSingleCrit is deprecated. Use OptimInstanceBatchSingleCrit instead.
OptimInstanceSingleCrit is deprecated. Use OptimInstanceBatchSingleCrit instead.
OptimInstanceSingleCrit is deprecated. Use OptimInstanceBatchSingleCrit instead.
OptimInstanceMultiCrit is deprecated. Use OptimInstanceBatchMultiCrit instead.
OptimInstanceMultiCrit is deprecated. Use OptimInstanceBatchMultiCrit instead.
test_mies_evaluate_offspring.R 24 tests <1b>[0;32mOK<1b>[0m <1b>[0;34m6.3s<1b>[0m
OptimInstanceSingleCrit is deprecated. Use OptimInstanceBatchSingleCrit instead.
OptimInstanceSingleCrit is deprecated. Use OptimInstanceBatchSingleCrit instead.
OptimInstanceMultiCrit is deprecated. Use OptimInstanceBatchMultiCrit instead.
OptimInstanceSingleCrit is deprecated. Use OptimInstanceBatchSingleCrit instead.
test_mies_filter_offspring.R.. 35 tests <1b>[0;31m1 fails<1b>[0m <1b>[0;34m1.6s<1b>[0m
OptimInstanceSingleCrit is deprecated. Use OptimInstanceBatchSingleCrit instead.
OptimInstanceSingleCrit is deprecated. Use OptimInstanceBatchSingleCrit instead.
test_mies_generate_offspring.R 38 tests <1b>[0;32mOK<1b>[0m <1b>[0;34m20.8s<1b>[0m
test_mies_generation_apply.R.. 0 tests <1b>[0;36m15ms<1b>[0m
OptimInstanceSingleCrit is deprecated. Use OptimInstanceBatchSingleCrit instead.
OptimInstanceSingleCrit is deprecated. Use OptimInstanceBatchSingleCrit instead.
OptimInstanceMultiCrit is deprecated. Use OptimInstanceBatchMultiCrit instead.
OptimInstanceMultiCrit is deprecated. Use OptimInstanceBatchMultiCrit instead.
OptimInstanceMultiCrit is deprecated. Use OptimInstanceBatchMultiCrit instead.
test_mies_get_fitnesses.R..... 12 tests <1b>[0;32mOK<1b>[0m <1b>[0;34m7.8s<1b>[0m
OptimInstanceSingleCrit is deprecated. Use OptimInstanceBatchSingleCrit instead.
OptimInstanceSingleCrit is deprecated. Use OptimInstanceBatchSingleCrit instead.
OptimInstanceSingleCrit is deprecated. Use OptimInstanceBatchSingleCrit instead.
OptimInstanceSingleCrit is deprecated. Use OptimInstanceBatchSingleCrit instead.
OptimInstanceSingleCrit is deprecated. Use OptimInstanceBatchSingleCrit instead.
OptimInstanceSingleCrit is deprecated. Use OptimInstanceBatchSingleCrit instead.
OptimInstanceMultiCrit is deprecated. Use OptimInstanceBatchMultiCrit instead.
OptimInstanceSingleCrit is deprecated. Use OptimInstanceBatchSingleCrit instead.
test_mies_init_population.R... 47 tests <1b>[0;32mOK<1b>[0m <1b>[0;34m19.7s<1b>[0m
test_mies_prime_operators.R... 39 tests <1b>[0;32mOK<1b>[0m <1b>[0;34m3.5s<1b>[0m
OptimInstanceSingleCrit is deprecated. Use OptimInstanceBatchSingleCrit instead.
OptimInstanceSingleCrit is deprecated. Use OptimInstanceBatchSingleCrit instead.
OptimInstanceMultiCrit is deprecated. Use OptimInstanceBatchMultiCrit instead.
test_mies_select_from_archive.R 15 tests <1b>[0;32mOK<1b>[0m <1b>[0;34m8.8s<1b>[0m
OptimInstanceSingleCrit is deprecated. Use OptimInstanceBatchSingleCrit instead.
OptimInstanceMultiCrit is deprecated. Use OptimInstanceBatchMultiCrit instead.
test_mies_step_fidelity.R..... 18 tests <1b>[0;32mOK<1b>[0m <1b>[0;34m13.0s<1b>[0m
----- FAILED[data]: test_mies_filter_offspring.R<119--119>
call| expect_equal(oibig_clone, oibig)
diff| Component "objective": Component "context": 'current' is not an environment
Error: 1 out of 2965 tests failed
Execution halted
Flavor: r-release-linux-x86_64
Version: 0.0.4-1
Check: tests
Result: ERROR
Running 'tinytest.R' [10m]
Running the tests in 'tests/tinytest.R' failed.
Complete output:
>
> if (requireNamespace("tinytest", quietly = TRUE)) {
+ tinytest::test_package("miesmuschel", at_home = identical(Sys.getenv("NOT_CRAN"), "true"), ncpu = 2)
+ Sys.sleep(5) # wait for parallel workers to quit
+ }
starting worker pid=210232 on localhost:11528 at 06:56:29.044
starting worker pid=82820 on localhost:11528 at 06:56:29.111
Loading required package: paradox
Loading required package: paradox
Attaching package: 'bbotk'
The following objects are masked from 'package:miesmuschel':
OptimInstanceMultiCrit, OptimInstanceSingleCrit, Optimizer
Attaching package: 'bbotk'
The following objects are masked from 'package:miesmuschel':
OptimInstanceMultiCrit, OptimInstanceSingleCrit, Optimizer
OptimInstanceSingleCrit is deprecated. Use OptimInstanceBatchSingleCrit instead.
OptimInstanceSingleCrit is deprecated. Use OptimInstanceBatchSingleCrit instead.
OptimInstanceMultiCrit is deprecated. Use OptimInstanceBatchMultiCrit instead.
test_mies_survival_comma.R.... 46 tests <1b>[0;32mOK<1b>[0m <1b>[0;34m7.7s<1b>[0m
OptimInstanceSingleCrit is deprecated. Use OptimInstanceBatchSingleCrit instead.
OptimInstanceMultiCrit is deprecated. Use OptimInstanceBatchMultiCrit instead.
test_mies_survival_plus.R..... 28 tests <1b>[0;32mOK<1b>[0m <1b>[0;34m5.0s<1b>[0m
OptimInstanceSingleCrit is deprecated. Use OptimInstanceBatchSingleCrit instead.
test_OptimizerMies.R.......... 54 tests <1b>[0;32mOK<1b>[0m <1b>[0;34m29.5s<1b>[0m
test_ParamSetShadow.R......... 41 tests <1b>[0;32mOK<1b>[0m <1b>[0;34m1.2s<1b>[0m
OptimInstanceSingleCrit is deprecated. Use OptimInstanceBatchSingleCrit instead.
OptimInstanceMultiCrit is deprecated. Use OptimInstanceBatchMultiCrit instead.
OptimInstanceSingleCrit is deprecated. Use OptimInstanceBatchSingleCrit instead.
test_mutator_cmpmaybe.R....... 93 tests <1b>[0;32mOK<1b>[0m <1b>[0;34m22.0s<1b>[0m
test_TerminatorBudget.R....... 31 tests <1b>[0;32mOK<1b>[0m <1b>[0;34m8.8s<1b>[0m
test_TerminatorGenerationPerfReached.R 0 tests <1b>[0;36m2ms<1b>[0m
test_TerminatorGenerationStagnation.R 0 tests <1b>[0;36m2ms<1b>[0m
OptimInstanceSingleCrit is deprecated. Use OptimInstanceBatchSingleCrit instead.
OptimInstanceMultiCrit is deprecated. Use OptimInstanceBatchMultiCrit instead.
OptimInstanceSingleCrit is deprecated. Use OptimInstanceBatchSingleCrit instead.
test_TerminatorGenerations.R.. 22 tests <1b>[0;32mOK<1b>[0m <1b>[0;34m6.3s<1b>[0m
test_TunerMies.R.............. 2 tests <1b>[0;32mOK<1b>[0m <1b>[0;34m14.0s<1b>[0m
test_mutator_erase.R.......... 41 tests <1b>[0;32mOK<1b>[0m <1b>[0;34m1.2s<1b>[0m
test_mutator_gauss.R.......... 62 tests <1b>[0;32mOK<1b>[0m <1b>[0;34m22.0s<1b>[0m
test_mutator_maybe.R.......... 90 tests <1b>[0;32mOK<1b>[0m <1b>[0;34m15.8s<1b>[0m
test_mutator_null.R........... 24 tests <1b>[0;32mOK<1b>[0m <1b>[0;34m2.2s<1b>[0m
test_mutator_proxy.R.......... 69 tests <1b>[0;32mOK<1b>[0m <1b>[0;34m32.8s<1b>[0m
test_mutator_unif.R........... 41 tests <1b>[0;32mOK<1b>[0m <1b>[0;34m1.8s<1b>[0m
test_operator.R............... 40 tests <1b>[0;32mOK<1b>[0m <1b>[0;34m0.8s<1b>[0m
test_operatorcombination.R.... 211 tests <1b>[0;32mOK<1b>[0m <1b>[0;34m24.9s<1b>[0m
test_recombinator_maybe.R..... 69 tests <1b>[0;32mOK<1b>[0m <1b>[0;34m18.4s<1b>[0m
test_recombinator_null.R...... 37 tests <1b>[0;32mOK<1b>[0m <1b>[0;34m3.2s<1b>[0m
test_dictionaries.R........... 693 tests <1b>[0;32mOK<1b>[0m <1b>[0;34m4.9s<1b>[0m
test_recombinator_proxy.R..... 102 tests <1b>[0;32mOK<1b>[0m <1b>[0;34m15.0s<1b>[0m
test_recombinator_sbx.R....... 29 tests <1b>[0;32mOK<1b>[0m <1b>[0;34m2.8s<1b>[0m
test_recombinator_xounif.R.... 60 tests <1b>[0;32mOK<1b>[0m <1b>[0;34m13.0s<1b>[0m
test_scalor_one.R............. 35 tests <1b>[0;32mOK<1b>[0m <1b>[0;34m2.0s<1b>[0m
test_selector_best.R.......... 147 tests <1b>[0;32mOK<1b>[0m <1b>[0;34m23.0s<1b>[0m
test_selector_proxy.R......... 114 tests <1b>[0;32mOK<1b>[0m <1b>[0;34m24.0s<1b>[0m
test_selector_random.R........ 106 tests <1b>[0;32mOK<1b>[0m <1b>[0;34m6.4s<1b>[0m
test_filtor_maybe.R........... 104 tests <1b>[0;32mOK<1b>[0m <1b>[0;34m1.7s<1b>[0m
test_filtor_null.R............ 57 tests <1b>[0;32mOK<1b>[0m <1b>[0;34m4.3s<1b>[0m
test_shortforms.R............. 20 tests <1b>[0;32mOK<1b>[0m <1b>[0;34m39.8s<1b>[0m
test_utils.R.................. 5 tests <1b>[0;32mOK<1b>[0m <1b>[0;34m0.9s<1b>[0m
test_filtor_proxy.R........... 92 tests <1b>[0;32mOK<1b>[0m <1b>[0;34m9.6s<1b>[0m
test_filtor_surprog.R......... 172 tests <1b>[0;32mOK<1b>[0m <1b>[0;34m40.1s<1b>[0m
test_mies_aggregate_single_generation.R 0 tests <1b>[0;36m3ms<1b>[0m
OptimInstanceSingleCrit is deprecated. Use OptimInstanceBatchSingleCrit instead.
OptimInstanceSingleCrit is deprecated. Use OptimInstanceBatchSingleCrit instead.
OptimInstanceSingleCrit is deprecated. Use OptimInstanceBatchSingleCrit instead.
OptimInstanceSingleCrit is deprecated. Use OptimInstanceBatchSingleCrit instead.
OptimInstanceMultiCrit is deprecated. Use OptimInstanceBatchMultiCrit instead.
OptimInstanceMultiCrit is deprecated. Use OptimInstanceBatchMultiCrit instead.
test_mies_evaluate_offspring.R 24 tests <1b>[0;32mOK<1b>[0m <1b>[0;34m4.1s<1b>[0m
OptimInstanceSingleCrit is deprecated. Use OptimInstanceBatchSingleCrit instead.
OptimInstanceSingleCrit is deprecated. Use OptimInstanceBatchSingleCrit instead.
OptimInstanceMultiCrit is deprecated. Use OptimInstanceBatchMultiCrit instead.
OptimInstanceSingleCrit is deprecated. Use OptimInstanceBatchSingleCrit instead.
test_mies_filter_offspring.R.. 35 tests <1b>[0;31m1 fails<1b>[0m <1b>[0;34m55.2s<1b>[0m
OptimInstanceSingleCrit is deprecated. Use OptimInstanceBatchSingleCrit instead.
OptimInstanceSingleCrit is deprecated. Use OptimInstanceBatchSingleCrit instead.
test_mies_generate_offspring.R 38 tests <1b>[0;32mOK<1b>[0m <1b>[0;34m14.2s<1b>[0m
test_mies_generation_apply.R.. 0 tests <1b>[0;36m3ms<1b>[0m
OptimInstanceSingleCrit is deprecated. Use OptimInstanceBatchSingleCrit instead.
OptimInstanceSingleCrit is deprecated. Use OptimInstanceBatchSingleCrit instead.
OptimInstanceMultiCrit is deprecated. Use OptimInstanceBatchMultiCrit instead.
OptimInstanceMultiCrit is deprecated. Use OptimInstanceBatchMultiCrit instead.
OptimInstanceMultiCrit is deprecated. Use OptimInstanceBatchMultiCrit instead.
test_mies_get_fitnesses.R..... 12 tests <1b>[0;32mOK<1b>[0m <1b>[0;34m5.5s<1b>[0m
OptimInstanceSingleCrit is deprecated. Use OptimInstanceBatchSingleCrit instead.
OptimInstanceSingleCrit is deprecated. Use OptimInstanceBatchSingleCrit instead.
OptimInstanceSingleCrit is deprecated. Use OptimInstanceBatchSingleCrit instead.
OptimInstanceSingleCrit is deprecated. Use OptimInstanceBatchSingleCrit instead.
OptimInstanceSingleCrit is deprecated. Use OptimInstanceBatchSingleCrit instead.
OptimInstanceSingleCrit is deprecated. Use OptimInstanceBatchSingleCrit instead.
OptimInstanceMultiCrit is deprecated. Use OptimInstanceBatchMultiCrit instead.
OptimInstanceSingleCrit is deprecated. Use OptimInstanceBatchSingleCrit instead.
test_mies_init_population.R... 47 tests <1b>[0;32mOK<1b>[0m <1b>[0;34m13.1s<1b>[0m
test_mies_prime_operators.R... 39 tests <1b>[0;32mOK<1b>[0m <1b>[0;34m2.1s<1b>[0m
OptimInstanceSingleCrit is deprecated. Use OptimInstanceBatchSingleCrit instead.
OptimInstanceSingleCrit is deprecated. Use OptimInstanceBatchSingleCrit instead.
OptimInstanceMultiCrit is deprecated. Use OptimInstanceBatchMultiCrit instead.
test_mies_select_from_archive.R 15 tests <1b>[0;32mOK<1b>[0m <1b>[0;34m5.7s<1b>[0m
OptimInstanceSingleCrit is deprecated. Use OptimInstanceBatchSingleCrit instead.
OptimInstanceMultiCrit is deprecated. Use OptimInstanceBatchMultiCrit instead.
test_mies_step_fidelity.R..... 18 tests <1b>[0;32mOK<1b>[0m <1b>[0;34m9.3s<1b>[0m
----- FAILED[data]: test_mies_filter_offspring.R<119--119>
call| expect_equal(oibig_clone, oibig)
diff| Component "objective": Component "context": 'current' is not an environment
Error: 1 out of 2965 tests failed
Execution halted
Flavor: r-oldrel-windows-x86_64