Last updated on 2024-07-01 04:48:38 CEST.
Flavor | Version | Tinstall | Tcheck | Ttotal | Status | Flags |
---|---|---|---|---|---|---|
r-devel-linux-x86_64-debian-clang | 1.2 | 23.45 | 79.15 | 102.60 | NOTE | |
r-devel-linux-x86_64-debian-gcc | 1.2 | 21.12 | 58.37 | 79.49 | NOTE | |
r-devel-linux-x86_64-fedora-clang | 1.2 | 138.42 | NOTE | |||
r-devel-linux-x86_64-fedora-gcc | 1.2 | 133.54 | NOTE | |||
r-devel-windows-x86_64 | 1.2 | 24.00 | 92.00 | 116.00 | NOTE | |
r-patched-linux-x86_64 | 1.2 | 23.66 | 74.81 | 98.47 | NOTE | |
r-release-linux-x86_64 | 1.2 | 25.12 | 75.47 | 100.59 | NOTE | |
r-release-macos-arm64 | 1.2 | 39.00 | NOTE | |||
r-release-macos-x86_64 | 1.2 | 74.00 | NOTE | |||
r-release-windows-x86_64 | 1.2 | 23.00 | 88.00 | 111.00 | NOTE | |
r-oldrel-macos-arm64 | 1.2 | 47.00 | NOTE | |||
r-oldrel-macos-x86_64 | 1.2 | 69.00 | NOTE | |||
r-oldrel-windows-x86_64 | 1.2 | 23.00 | 112.00 | 135.00 | NOTE |
Version: 1.2
Check: C++ specification
Result: NOTE
Specified C++14: please drop specification unless essential
Flavors: r-devel-linux-x86_64-debian-clang, r-devel-linux-x86_64-debian-gcc, r-devel-linux-x86_64-fedora-clang, r-devel-linux-x86_64-fedora-gcc, r-devel-windows-x86_64, r-patched-linux-x86_64, r-release-linux-x86_64, r-release-macos-arm64, r-release-macos-x86_64, r-release-windows-x86_64, r-oldrel-macos-arm64, r-oldrel-macos-x86_64, r-oldrel-windows-x86_64