Last updated on 2025-02-04 02:50:14 CET.
Flavor | Version | Tinstall | Tcheck | Ttotal | Status | Flags |
---|---|---|---|---|---|---|
r-devel-linux-x86_64-debian-clang | 1.11 | 10.43 | 109.15 | 119.58 | OK | |
r-devel-linux-x86_64-debian-gcc | 1.11 | 7.57 | 84.87 | 92.44 | OK | |
r-devel-linux-x86_64-fedora-clang | 1.11 | 197.87 | OK | |||
r-devel-linux-x86_64-fedora-gcc | 1.11 | 193.47 | OK | |||
r-devel-windows-x86_64 | 1.11 | 12.00 | 0.00 | 12.00 | FAIL | |
r-patched-linux-x86_64 | 1.11 | 10.75 | 104.97 | 115.72 | OK | |
r-release-linux-x86_64 | 1.11 | 9.20 | 106.23 | 115.43 | OK | |
r-release-macos-arm64 | 1.11 | 71.00 | OK | |||
r-release-macos-x86_64 | 1.11 | 174.00 | OK | |||
r-release-windows-x86_64 | 1.11 | 11.00 | 173.00 | 184.00 | OK | |
r-oldrel-macos-arm64 | 1.11 | 74.00 | OK | |||
r-oldrel-macos-x86_64 | 1.11 | 158.00 | OK | |||
r-oldrel-windows-x86_64 | 1.11 | 14.00 | 181.00 | 195.00 | OK |
Version: 1.11
Check: re-building of vignette outputs
Result: FAIL
Check process probably crashed or hung up for 20 minutes ... killed
Most likely this happened in the example checks (?),
if not, ignore the following last lines of example output:
p = 0.01882997 using minimum p
> wilkinsonp(c(0.223, 0.223), r = 2) # Birnbaum, just signif
p = 0.049729 using 2nd minimum p
> validity <- dat.metap$validity$p
> minimump(validity) # minp = 0.00001, critp = 1.99 * 10^{-4}
p = 5.999829e-05 using minimum p
> minimump(c(0.0001, 0.0001, 0.9999, 0.9999)) # is significant
p = 0.00039994 using minimum p
> all.equal(exp(minimump(validity, log.p = TRUE)$p), minimump(validity)$p)
[1] TRUE
> all.equal(exp(maximump(validity, log.p = TRUE)$p), maximump(validity)$p)
[1] TRUE
>
>
>
> ### * <FOOTER>
> ###
> cleanEx()
> options(digits = 7L)
> base::cat("Time elapsed: ", proc.time() - base::get("ptime", pos = 'CheckExEnv'),"\n")
Time elapsed: 4.75 0.47 5.22 NA NA
> grDevices::dev.off()
null device
1
> ###
> ### Local variables: ***
> ### mode: outline-minor ***
> ### outline-regexp: "\\(> \\)?### [*]+" ***
> ### End: ***
> quit('no')
======== End of example output (where/before crash/hang up occured ?) ========
Flavor: r-devel-windows-x86_64