Last updated on 2024-07-01 04:48:38 CEST.
Flavor | Version | Tinstall | Tcheck | Ttotal | Status | Flags |
---|---|---|---|---|---|---|
r-devel-linux-x86_64-debian-clang | 1.8-7 | 82.19 | 151.48 | 233.67 | NOTE | |
r-devel-linux-x86_64-debian-gcc | 1.8-7 | 61.39 | 110.32 | 171.71 | NOTE | |
r-devel-linux-x86_64-fedora-clang | 1.8-7 | 320.15 | NOTE | |||
r-devel-linux-x86_64-fedora-gcc | 1.8-7 | 310.02 | NOTE | |||
r-devel-windows-x86_64 | 1.8-7 | 71.00 | 131.00 | 202.00 | NOTE | |
r-patched-linux-x86_64 | 1.8-7 | 62.07 | 143.73 | 205.80 | NOTE | |
r-release-linux-x86_64 | 1.8-7 | 53.56 | 144.79 | 198.35 | NOTE | |
r-release-macos-arm64 | 1.8-7 | 71.00 | NOTE | |||
r-release-macos-x86_64 | 1.8-7 | 93.00 | NOTE | |||
r-release-windows-x86_64 | 1.8-7 | 74.00 | 132.00 | 206.00 | NOTE | |
r-oldrel-macos-arm64 | 1.8-7 | 61.00 | OK | |||
r-oldrel-macos-x86_64 | 1.8-7 | 101.00 | OK | |||
r-oldrel-windows-x86_64 | 1.8-7 | 89.00 | 169.00 | 258.00 | OK |
Version: 1.8-7
Check: Rd files
Result: NOTE
checkRd: (-1) data.mb.Rd:76: Lost braces
76 | level-1 variables code{y}, \code{x} and the level-2 variable \code{w}.
| ^
Flavors: r-devel-linux-x86_64-debian-clang, r-devel-linux-x86_64-debian-gcc, r-devel-linux-x86_64-fedora-clang, r-devel-linux-x86_64-fedora-gcc, r-devel-windows-x86_64, r-patched-linux-x86_64, r-release-linux-x86_64, r-release-macos-arm64, r-release-macos-x86_64, r-release-windows-x86_64