Last updated on 2024-07-01 04:48:38 CEST.
Flavor | Version | Tinstall | Tcheck | Ttotal | Status | Flags |
---|---|---|---|---|---|---|
r-devel-linux-x86_64-debian-clang | 0.7.0 | 17.12 | 141.93 | 159.05 | NOTE | |
r-devel-linux-x86_64-debian-gcc | 0.7.0 | 14.77 | 106.42 | 121.19 | NOTE | |
r-devel-linux-x86_64-fedora-clang | 0.7.0 | 197.19 | NOTE | |||
r-devel-linux-x86_64-fedora-gcc | 0.7.0 | 186.19 | NOTE | |||
r-devel-windows-x86_64 | 0.7.0 | 16.00 | 112.00 | 128.00 | NOTE | |
r-patched-linux-x86_64 | 0.7.0 | 11.10 | 137.98 | 149.08 | NOTE | |
r-release-linux-x86_64 | 0.7.0 | 12.37 | 136.13 | 148.50 | NOTE | |
r-release-macos-arm64 | 0.7.0 | 51.00 | NOTE | |||
r-release-macos-x86_64 | 0.7.0 | 74.00 | NOTE | |||
r-release-windows-x86_64 | 0.7.0 | 16.00 | 116.00 | 132.00 | NOTE | |
r-oldrel-macos-arm64 | 0.7.0 | 53.00 | NOTE | |||
r-oldrel-macos-x86_64 | 0.7.0 | 93.00 | NOTE | |||
r-oldrel-windows-x86_64 | 0.7.0 | 20.00 | 142.00 | 162.00 | NOTE |
Version: 0.7.0
Check: LazyData
Result: NOTE
'LazyData' is specified without a 'data' directory
Flavors: r-devel-linux-x86_64-debian-clang, r-devel-linux-x86_64-debian-gcc, r-devel-linux-x86_64-fedora-clang, r-devel-linux-x86_64-fedora-gcc, r-devel-windows-x86_64, r-patched-linux-x86_64, r-release-linux-x86_64, r-release-macos-arm64, r-release-macos-x86_64, r-release-windows-x86_64, r-oldrel-macos-arm64, r-oldrel-macos-x86_64, r-oldrel-windows-x86_64