Last updated on 2024-07-01 04:48:38 CEST.
Flavor | Version | Tinstall | Tcheck | Ttotal | Status | Flags |
---|---|---|---|---|---|---|
r-devel-linux-x86_64-debian-clang | 1.1.9 | 300.70 | 104.02 | 404.72 | OK | |
r-devel-linux-x86_64-debian-gcc | 1.1.9 | 198.68 | 74.81 | 273.49 | OK | |
r-devel-linux-x86_64-fedora-clang | 1.1.9 | 579.78 | OK | |||
r-devel-linux-x86_64-fedora-gcc | 1.1.9 | 597.22 | OK | |||
r-devel-windows-x86_64 | 1.1.9 | 220.00 | 159.00 | 379.00 | OK | |
r-patched-linux-x86_64 | 1.1.9 | 238.40 | 100.51 | 338.91 | OK | |
r-release-linux-x86_64 | 1.1.9 | 237.60 | 101.94 | 339.54 | OK | |
r-release-macos-arm64 | 1.1.9 | 97.00 | NOTE | |||
r-release-macos-x86_64 | 1.1.9 | 135.00 | NOTE | |||
r-release-windows-x86_64 | 1.1.9 | 222.00 | 159.00 | 381.00 | OK | |
r-oldrel-macos-arm64 | 1.1.9 | 107.00 | NOTE | |||
r-oldrel-macos-x86_64 | 1.1.9 | 140.00 | NOTE | |||
r-oldrel-windows-x86_64 | 1.1.9 | 267.00 | 188.00 | 455.00 | OK |
Version: 1.1.9
Check: installed package size
Result: NOTE
installed size is 14.1Mb
sub-directories of 1Mb or more:
libs 13.2Mb
Flavors: r-release-macos-arm64, r-release-macos-x86_64, r-oldrel-macos-arm64, r-oldrel-macos-x86_64