Last updated on 2025-02-04 02:50:13 CET.
Flavor | Version | Tinstall | Tcheck | Ttotal | Status | Flags |
---|---|---|---|---|---|---|
r-devel-linux-x86_64-debian-clang | 1.3.3 | 37.82 | 35.56 | 73.38 | NOTE | |
r-devel-linux-x86_64-debian-gcc | 1.3.3 | 27.19 | 27.66 | 54.85 | NOTE | |
r-devel-linux-x86_64-fedora-clang | 1.3.3 | 155.52 | NOTE | |||
r-devel-linux-x86_64-fedora-gcc | 1.3.3 | 157.58 | NOTE | |||
r-devel-windows-x86_64 | 1.3.3 | 46.00 | 82.00 | 128.00 | NOTE | |
r-patched-linux-x86_64 | 1.3.3 | 35.90 | 33.70 | 69.60 | NOTE | |
r-release-linux-x86_64 | 1.3.3 | 37.88 | 33.85 | 71.73 | NOTE | |
r-release-macos-arm64 | 1.3.3 | 43.00 | NOTE | |||
r-release-macos-x86_64 | 1.3.3 | 57.00 | NOTE | |||
r-release-windows-x86_64 | 1.3.3 | 46.00 | 82.00 | 128.00 | NOTE | |
r-oldrel-macos-arm64 | 1.3.3 | 45.00 | NOTE | |||
r-oldrel-macos-x86_64 | 1.3.3 | 84.00 | NOTE | |||
r-oldrel-windows-x86_64 | 1.3.3 | 54.00 | 92.00 | 146.00 | NOTE |
Version: 1.3.3
Check: C++ specification
Result: NOTE
Specified C++11: please drop specification unless essential
Flavors: r-devel-linux-x86_64-debian-clang, r-devel-linux-x86_64-debian-gcc, r-devel-linux-x86_64-fedora-clang, r-devel-linux-x86_64-fedora-gcc, r-devel-windows-x86_64, r-patched-linux-x86_64, r-release-linux-x86_64, r-release-macos-arm64, r-release-macos-x86_64, r-release-windows-x86_64, r-oldrel-macos-arm64, r-oldrel-macos-x86_64, r-oldrel-windows-x86_64