Last updated on 2025-02-04 02:50:12 CET.
Flavor | Version | Tinstall | Tcheck | Ttotal | Status | Flags |
---|---|---|---|---|---|---|
r-devel-linux-x86_64-debian-clang | 0.1.0 | 5.22 | 41.28 | 46.50 | NOTE | |
r-devel-linux-x86_64-debian-gcc | 0.1.0 | 3.26 | 29.78 | 33.04 | NOTE | |
r-devel-linux-x86_64-fedora-clang | 0.1.0 | 78.93 | NOTE | |||
r-devel-linux-x86_64-fedora-gcc | 0.1.0 | 70.52 | NOTE | |||
r-devel-windows-x86_64 | 0.1.0 | 7.00 | 62.00 | 69.00 | NOTE | |
r-patched-linux-x86_64 | 0.1.0 | 4.53 | 38.36 | 42.89 | OK | |
r-release-linux-x86_64 | 0.1.0 | 3.75 | 38.13 | 41.88 | OK | |
r-release-macos-arm64 | 0.1.0 | 25.00 | OK | |||
r-release-macos-x86_64 | 0.1.0 | 40.00 | OK | |||
r-release-windows-x86_64 | 0.1.0 | 6.00 | 62.00 | 68.00 | OK | |
r-oldrel-macos-arm64 | 0.1.0 | 29.00 | OK | |||
r-oldrel-macos-x86_64 | 0.1.0 | 43.00 | OK | |||
r-oldrel-windows-x86_64 | 0.1.0 | 8.00 | 68.00 | 76.00 | OK |
Version: 0.1.0
Check: DESCRIPTION meta-information
Result: NOTE
Missing dependency on R >= 4.1.0 because package code uses the pipe
|> or function shorthand \(...) syntax added in R 4.1.0.
File(s) using such syntax:
‘llm-extract.R’ ‘llm-use.R’ ‘m-backend-prompt.R’ ‘m-backend-submit.R’
‘m-defaults.R’ ‘utils.R’
Flavors: r-devel-linux-x86_64-debian-clang, r-devel-linux-x86_64-debian-gcc, r-devel-linux-x86_64-fedora-clang, r-devel-linux-x86_64-fedora-gcc, r-devel-windows-x86_64