Last updated on 2024-07-01 04:48:38 CEST.
Flavor | Version | Tinstall | Tcheck | Ttotal | Status | Flags |
---|---|---|---|---|---|---|
r-devel-linux-x86_64-debian-clang | 0.4.0 | 49.37 | 389.63 | 439.00 | NOTE | |
r-devel-linux-x86_64-debian-gcc | 0.4.0 | 31.58 | 274.01 | 305.59 | NOTE | |
r-devel-linux-x86_64-fedora-clang | 0.4.0 | 534.99 | NOTE | |||
r-devel-linux-x86_64-fedora-gcc | 0.4.0 | 503.49 | NOTE | |||
r-devel-windows-x86_64 | 0.4.0 | 33.00 | 236.00 | 269.00 | NOTE | |
r-patched-linux-x86_64 | 0.4.0 | 27.53 | 368.06 | 395.59 | NOTE | |
r-release-linux-x86_64 | 0.4.0 | 29.63 | 366.61 | 396.24 | NOTE | |
r-release-macos-arm64 | 0.4.0 | 111.00 | NOTE | |||
r-release-macos-x86_64 | 0.4.0 | 210.00 | NOTE | |||
r-release-windows-x86_64 | 0.4.0 | 34.00 | 250.00 | 284.00 | NOTE | |
r-oldrel-macos-arm64 | 0.4.0 | 115.00 | NOTE | |||
r-oldrel-macos-x86_64 | 0.4.0 | 282.00 | NOTE | |||
r-oldrel-windows-x86_64 | 0.4.0 | 48.00 | 317.00 | 365.00 | NOTE |
Version: 0.4.0
Check: package dependencies
Result: NOTE
Package suggested but not available for checking: ‘rnaturalearthhires’
Flavors: r-devel-linux-x86_64-debian-clang, r-devel-linux-x86_64-debian-gcc, r-devel-linux-x86_64-fedora-clang, r-devel-linux-x86_64-fedora-gcc, r-devel-windows-x86_64, r-patched-linux-x86_64, r-release-linux-x86_64, r-release-macos-arm64, r-release-macos-x86_64, r-release-windows-x86_64, r-oldrel-macos-arm64, r-oldrel-macos-x86_64, r-oldrel-windows-x86_64