Last updated on 2024-07-01 04:48:40 CEST.
Flavor | Version | Tinstall | Tcheck | Ttotal | Status | Flags |
---|---|---|---|---|---|---|
r-devel-linux-x86_64-debian-clang | 1.0.7 | 1.63 | 60.32 | 61.95 | OK | |
r-devel-linux-x86_64-debian-gcc | 1.0.7 | 2.04 | 50.71 | 52.75 | OK | |
r-devel-linux-x86_64-fedora-clang | 1.0.7 | 87.57 | OK | |||
r-devel-linux-x86_64-fedora-gcc | 1.0.7 | 81.10 | OK | |||
r-devel-windows-x86_64 | 1.0.7 | 3.00 | 77.00 | 80.00 | OK | |
r-patched-linux-x86_64 | 1.0.7 | 2.49 | 64.64 | 67.13 | OK | |
r-release-linux-x86_64 | 1.0.7 | 2.66 | 58.60 | 61.26 | OK | |
r-release-macos-arm64 | 1.0.7 | 27.00 | OK | |||
r-release-macos-x86_64 | 1.0.7 | 63.00 | OK | |||
r-release-windows-x86_64 | 1.0.7 | 3.00 | 73.00 | 76.00 | OK | |
r-oldrel-macos-arm64 | 1.0.7 | 30.00 | OK | |||
r-oldrel-macos-x86_64 | 1.0.7 | 34.00 | NOTE | |||
r-oldrel-windows-x86_64 | 1.0.7 | 3.00 | 80.00 | 83.00 | OK |
Version: 1.0.7
Check: package dependencies
Result: NOTE
Package suggested but not available for checking: ‘ICAMS’
Flavor: r-oldrel-macos-x86_64