Last updated on 2024-07-01 04:48:37 CEST.
Flavor | Version | Tinstall | Tcheck | Ttotal | Status | Flags |
---|---|---|---|---|---|---|
r-devel-linux-x86_64-debian-clang | 0.1 | 35.90 | 29.45 | 65.35 | NOTE | |
r-devel-linux-x86_64-debian-gcc | 0.1 | 28.21 | 22.97 | 51.18 | NOTE | |
r-devel-linux-x86_64-fedora-clang | 0.1 | 95.78 | NOTE | |||
r-devel-linux-x86_64-fedora-gcc | 0.1 | 99.42 | NOTE | |||
r-devel-windows-x86_64 | 0.1 | 31.00 | 61.00 | 92.00 | NOTE | |
r-patched-linux-x86_64 | 0.1 | 32.38 | 28.28 | 60.66 | NOTE | |
r-release-linux-x86_64 | 0.1 | 32.14 | 28.47 | 60.61 | NOTE | |
r-release-macos-arm64 | 0.1 | 26.00 | NOTE | |||
r-release-macos-x86_64 | 0.1 | 33.00 | NOTE | |||
r-release-windows-x86_64 | 0.1 | 31.00 | 60.00 | 91.00 | NOTE | |
r-oldrel-macos-arm64 | 0.1 | 29.00 | NOTE | |||
r-oldrel-macos-x86_64 | 0.1 | 43.00 | NOTE | |||
r-oldrel-windows-x86_64 | 0.1 | 38.00 | 67.00 | 105.00 | NOTE |
Version: 0.1
Check: C++ specification
Result: NOTE
Specified C++11: please drop specification unless essential
Flavors: r-devel-linux-x86_64-debian-clang, r-devel-linux-x86_64-debian-gcc, r-devel-linux-x86_64-fedora-clang, r-devel-linux-x86_64-fedora-gcc, r-devel-windows-x86_64, r-patched-linux-x86_64, r-release-linux-x86_64, r-release-macos-arm64, r-release-macos-x86_64, r-release-windows-x86_64, r-oldrel-macos-arm64, r-oldrel-macos-x86_64, r-oldrel-windows-x86_64