Last updated on 2024-07-01 04:48:37 CEST.
Flavor | Version | Tinstall | Tcheck | Ttotal | Status | Flags |
---|---|---|---|---|---|---|
r-devel-linux-x86_64-debian-clang | 1.2.4 | 3.66 | 36.02 | 39.68 | NOTE | |
r-devel-linux-x86_64-debian-gcc | 1.2.4 | 2.40 | 27.57 | 29.97 | NOTE | |
r-devel-linux-x86_64-fedora-clang | 1.2.4 | 50.62 | NOTE | |||
r-devel-linux-x86_64-fedora-gcc | 1.2.4 | 46.98 | NOTE | |||
r-devel-windows-x86_64 | 1.2.4 | 4.00 | 52.00 | 56.00 | NOTE | |
r-patched-linux-x86_64 | 1.2.4 | 3.71 | 35.36 | 39.07 | NOTE | |
r-release-linux-x86_64 | 1.2.4 | 3.13 | 34.33 | 37.46 | NOTE | |
r-release-macos-arm64 | 1.2.4 | 21.00 | NOTE | |||
r-release-macos-x86_64 | 1.2.4 | 27.00 | NOTE | |||
r-release-windows-x86_64 | 1.2.4 | 6.00 | 54.00 | 60.00 | NOTE | |
r-oldrel-macos-arm64 | 1.2.4 | 20.00 | OK | |||
r-oldrel-macos-x86_64 | 1.2.4 | 28.00 | OK | |||
r-oldrel-windows-x86_64 | 1.2.4 | 5.00 | 55.00 | 60.00 | OK |
Version: 1.2.4
Check: Rd files
Result: NOTE
checkRd: (-1) lambda.r-package.Rd:71-74: Lost braces
71 | x \%g\% y \%:=\% {
| ^
Flavors: r-devel-linux-x86_64-debian-clang, r-devel-linux-x86_64-debian-gcc, r-devel-linux-x86_64-fedora-clang, r-devel-linux-x86_64-fedora-gcc, r-devel-windows-x86_64, r-patched-linux-x86_64, r-release-linux-x86_64, r-release-macos-arm64, r-release-macos-x86_64, r-release-windows-x86_64