Last updated on 2024-07-01 04:48:37 CEST.
Flavor | Version | Tinstall | Tcheck | Ttotal | Status | Flags |
---|---|---|---|---|---|---|
r-devel-linux-x86_64-debian-clang | 0.1.2 | 21.21 | 28.43 | 49.64 | NOTE | |
r-devel-linux-x86_64-debian-gcc | 0.1.2 | 13.44 | 22.02 | 35.46 | NOTE | |
r-devel-linux-x86_64-fedora-clang | 0.1.2 | 70.45 | NOTE | |||
r-devel-linux-x86_64-fedora-gcc | 0.1.2 | 67.56 | NOTE | |||
r-devel-windows-x86_64 | 0.1.2 | 18.00 | 64.00 | 82.00 | NOTE | |
r-patched-linux-x86_64 | 0.1.2 | 15.99 | 27.78 | 43.77 | NOTE | |
r-release-linux-x86_64 | 0.1.2 | 16.76 | 27.55 | 44.31 | NOTE | |
r-release-macos-arm64 | 0.1.2 | 21.00 | NOTE | |||
r-release-macos-x86_64 | 0.1.2 | 30.00 | NOTE | |||
r-release-windows-x86_64 | 0.1.2 | 17.00 | 64.00 | 81.00 | NOTE | |
r-oldrel-macos-arm64 | 0.1.2 | 26.00 | NOTE | |||
r-oldrel-macos-x86_64 | 0.1.2 | 35.00 | NOTE | |||
r-oldrel-windows-x86_64 | 0.1.2 | 18.00 | 72.00 | 90.00 | NOTE |
Version: 0.1.2
Check: LazyData
Result: NOTE
'LazyData' is specified without a 'data' directory
Flavors: r-devel-linux-x86_64-debian-clang, r-devel-linux-x86_64-debian-gcc, r-devel-linux-x86_64-fedora-clang, r-devel-linux-x86_64-fedora-gcc, r-devel-windows-x86_64, r-patched-linux-x86_64, r-release-linux-x86_64, r-release-macos-arm64, r-release-macos-x86_64, r-release-windows-x86_64, r-oldrel-macos-arm64, r-oldrel-macos-x86_64, r-oldrel-windows-x86_64