Last updated on 2025-02-04 02:50:12 CET.
Flavor | Version | Tinstall | Tcheck | Ttotal | Status | Flags |
---|---|---|---|---|---|---|
r-devel-linux-x86_64-debian-clang | 0.1.0 | 2.33 | 176.74 | 179.07 | OK | |
r-devel-linux-x86_64-debian-gcc | 0.1.0 | 1.77 | 104.77 | 106.54 | OK | |
r-devel-linux-x86_64-fedora-clang | 0.1.0 | 296.32 | NOTE | |||
r-devel-linux-x86_64-fedora-gcc | 0.1.0 | 307.82 | NOTE | |||
r-devel-windows-x86_64 | 0.1.0 | 3.00 | 205.00 | 208.00 | OK | |
r-patched-linux-x86_64 | 0.1.0 | 2.18 | 164.83 | 167.01 | NOTE | |
r-release-linux-x86_64 | 0.1.0 | 2.35 | 166.10 | 168.45 | NOTE | |
r-release-macos-arm64 | 0.1.0 | 80.00 | NOTE | |||
r-release-macos-x86_64 | 0.1.0 | 135.00 | NOTE | |||
r-release-windows-x86_64 | 0.1.0 | 4.00 | 201.00 | 205.00 | NOTE | |
r-oldrel-macos-arm64 | 0.1.0 | 87.00 | NOTE | |||
r-oldrel-macos-x86_64 | 0.1.0 | 159.00 | NOTE | |||
r-oldrel-windows-x86_64 | 0.1.0 | 4.00 | 229.00 | 233.00 | NOTE |
Version: 0.1.0
Check: dependencies in R code
Result: NOTE
Namespaces in Imports field not imported from:
‘Rcpp’ ‘SnowballC’ ‘stringi’
All declared Imports should be used.
Flavors: r-devel-linux-x86_64-fedora-clang, r-devel-linux-x86_64-fedora-gcc
Version: 0.1.0
Check: LazyData
Result: NOTE
'LazyData' is specified without a 'data' directory
Flavors: r-patched-linux-x86_64, r-release-linux-x86_64, r-release-macos-arm64, r-release-macos-x86_64, r-release-windows-x86_64, r-oldrel-macos-arm64, r-oldrel-macos-x86_64, r-oldrel-windows-x86_64