Last updated on 2025-02-04 02:50:11 CET.
Flavor | Version | Tinstall | Tcheck | Ttotal | Status | Flags |
---|---|---|---|---|---|---|
r-devel-linux-x86_64-debian-clang | 3.1.2 | 4.35 | 58.13 | 62.48 | NOTE | |
r-devel-linux-x86_64-debian-gcc | 3.1.2 | 3.02 | 42.62 | 45.64 | NOTE | |
r-devel-linux-x86_64-fedora-clang | 3.1.2 | 105.28 | OK | |||
r-devel-linux-x86_64-fedora-gcc | 3.1.2 | 110.29 | OK | |||
r-devel-windows-x86_64 | 3.1.2 | 6.00 | 94.00 | 100.00 | NOTE | |
r-patched-linux-x86_64 | 3.1.2 | 8.21 | 54.82 | 63.03 | OK | |
r-release-linux-x86_64 | 3.1.2 | 4.36 | 54.74 | 59.10 | OK | |
r-release-macos-arm64 | 3.1.2 | 40.00 | OK | |||
r-release-macos-x86_64 | 3.1.2 | 93.00 | OK | |||
r-release-windows-x86_64 | 3.1.2 | 5.00 | 93.00 | 98.00 | OK | |
r-oldrel-macos-arm64 | 3.1.2 | 44.00 | OK | |||
r-oldrel-macos-x86_64 | 3.1.2 | 80.00 | OK | |||
r-oldrel-windows-x86_64 | 3.1.2 | 6.00 | 96.00 | 102.00 | OK |
Version: 3.1.2
Check: Rd cross-references
Result: NOTE
Found the following Rd file(s) with Rd \link{} targets missing package
anchors:
cross_spectrum.Rd: pspectrum
Please provide package anchors for all Rd \link{} targets not in the
package itself and the base packages.
Flavors: r-devel-linux-x86_64-debian-clang, r-devel-linux-x86_64-debian-gcc, r-devel-windows-x86_64