Last updated on 2024-07-01 04:48:36 CEST.
Flavor | Version | Tinstall | Tcheck | Ttotal | Status | Flags |
---|---|---|---|---|---|---|
r-devel-linux-x86_64-debian-clang | 2.1.0 | 258.14 | 325.38 | 583.52 | OK | |
r-devel-linux-x86_64-debian-gcc | 2.1.0 | 178.27 | 320.91 | 499.18 | OK | |
r-devel-linux-x86_64-fedora-clang | 2.1.0 | 778.97 | OK | |||
r-devel-linux-x86_64-fedora-gcc | 2.1.0 | 914.34 | OK | |||
r-devel-windows-x86_64 | 2.1.0 | 189.00 | 328.00 | 517.00 | OK | |
r-patched-linux-x86_64 | 2.1.0 | 204.86 | 420.40 | 625.26 | OK | |
r-release-linux-x86_64 | 2.1.0 | 218.92 | 414.98 | 633.90 | OK | |
r-release-macos-arm64 | 2.1.0 | 241.00 | NOTE | |||
r-release-macos-x86_64 | 2.1.0 | 323.00 | NOTE | |||
r-release-windows-x86_64 | 2.1.0 | 193.00 | 327.00 | 520.00 | OK | |
r-oldrel-macos-arm64 | 2.1.0 | 241.00 | NOTE | |||
r-oldrel-macos-x86_64 | 2.1.0 | 499.00 | NOTE | |||
r-oldrel-windows-x86_64 | 2.1.0 | 236.00 | 426.00 | 662.00 | OK |
Version: 2.1.0
Check: installed package size
Result: NOTE
installed size is 9.9Mb
sub-directories of 1Mb or more:
libs 9.6Mb
Flavors: r-release-macos-arm64, r-release-macos-x86_64, r-oldrel-macos-arm64, r-oldrel-macos-x86_64