Last updated on 2025-02-04 02:50:11 CET.
Flavor | Version | Tinstall | Tcheck | Ttotal | Status | Flags |
---|---|---|---|---|---|---|
r-devel-linux-x86_64-debian-clang | 0.1.2 | 2.04 | 25.93 | 27.97 | OK | |
r-devel-linux-x86_64-debian-gcc | 0.1.2 | 1.61 | 18.13 | 19.74 | OK | |
r-devel-linux-x86_64-fedora-clang | 0.1.2 | 43.24 | OK | |||
r-devel-linux-x86_64-fedora-gcc | 0.1.2 | 39.06 | OK | |||
r-devel-windows-x86_64 | 0.1.2 | 3.00 | 44.00 | 47.00 | OK | |
r-patched-linux-x86_64 | 0.1.2 | 2.06 | 24.75 | 26.81 | NOTE | |
r-release-linux-x86_64 | 0.1.2 | 1.78 | 25.88 | 27.66 | NOTE | |
r-release-macos-arm64 | 0.1.2 | 16.00 | OK | |||
r-release-macos-x86_64 | 0.1.2 | 25.00 | OK | |||
r-release-windows-x86_64 | 0.1.2 | 4.00 | 45.00 | 49.00 | OK | |
r-oldrel-macos-arm64 | 0.1.2 | 22.00 | OK | |||
r-oldrel-macos-x86_64 | 0.1.2 | 33.00 | OK | |||
r-oldrel-windows-x86_64 | 0.1.2 | 4.00 | 50.00 | 54.00 | OK |
Version: 0.1.2
Check: package dependencies
Result: NOTE
Package suggested but not available for checking: ‘TDA’
Flavors: r-patched-linux-x86_64, r-release-linux-x86_64