Last updated on 2024-07-01 04:48:36 CEST.
Flavor | Version | Tinstall | Tcheck | Ttotal | Status | Flags |
---|---|---|---|---|---|---|
r-devel-linux-x86_64-debian-clang | 0.1.0 | 3.01 | 27.75 | 30.76 | OK | |
r-devel-linux-x86_64-debian-gcc | 0.1.0 | 1.71 | 22.31 | 24.02 | OK | |
r-devel-linux-x86_64-fedora-clang | 0.1.0 | 40.07 | NOTE | |||
r-devel-linux-x86_64-fedora-gcc | 0.1.0 | 36.65 | OK | |||
r-devel-windows-x86_64 | 0.1.0 | 3.00 | 49.00 | 52.00 | OK | |
r-patched-linux-x86_64 | 0.1.0 | 2.81 | 27.32 | 30.13 | OK | |
r-release-linux-x86_64 | 0.1.0 | 2.28 | 27.15 | 29.43 | OK | |
r-release-macos-arm64 | 0.1.0 | 17.00 | OK | |||
r-release-macos-x86_64 | 0.1.0 | 27.00 | OK | |||
r-release-windows-x86_64 | 0.1.0 | 5.00 | 56.00 | 61.00 | OK | |
r-oldrel-macos-arm64 | 0.1.0 | 18.00 | OK | |||
r-oldrel-macos-x86_64 | 0.1.0 | 22.00 | OK | |||
r-oldrel-windows-x86_64 | 0.1.0 | 3.00 | 50.00 | 53.00 | OK |
Version: 0.1.0
Check: Rd cross-references
Result: NOTE
Undeclared package ‘colorspace’ in Rd xrefs
Flavor: r-devel-linux-x86_64-fedora-clang