Last updated on 2024-07-01 04:48:36 CEST.
Flavor | Version | Tinstall | Tcheck | Ttotal | Status | Flags |
---|---|---|---|---|---|---|
r-devel-linux-x86_64-debian-clang | 1.0.1 | 20.25 | 42.30 | 62.55 | NOTE | |
r-devel-linux-x86_64-debian-gcc | 1.0.1 | 14.22 | 32.49 | 46.71 | NOTE | |
r-devel-linux-x86_64-fedora-clang | 1.0.1 | 91.24 | NOTE | |||
r-devel-linux-x86_64-fedora-gcc | 1.0.1 | 83.71 | NOTE | |||
r-devel-windows-x86_64 | 1.0.1 | 18.00 | 67.00 | 85.00 | NOTE | |
r-patched-linux-x86_64 | 1.0.1 | 17.53 | 40.85 | 58.38 | OK | |
r-release-linux-x86_64 | 1.0.1 | 15.02 | 40.92 | 55.94 | OK | |
r-release-macos-arm64 | 1.0.1 | 26.00 | OK | |||
r-release-macos-x86_64 | 1.0.1 | 36.00 | OK | |||
r-release-windows-x86_64 | 1.0.1 | 18.00 | 70.00 | 88.00 | OK | |
r-oldrel-macos-arm64 | 1.0.1 | 32.00 | OK | |||
r-oldrel-macos-x86_64 | 1.0.1 | 63.00 | OK | |||
r-oldrel-windows-x86_64 | 1.0.1 | 19.00 | 79.00 | 98.00 | OK |
Version: 1.0.1
Check: compiled code
Result: NOTE
File ‘indexthis/libs/indexthis.so’:
Found non-API call to R: ‘STRING_PTR’
Compiled code should not call non-API entry points in R.
See ‘Writing portable packages’ in the ‘Writing R Extensions’ manual.
See section ‘Moving into C API compliance’ in the ‘Writing R
Extensions’ manual for issues with use of non-API entry points.
Flavors: r-devel-linux-x86_64-debian-clang, r-devel-linux-x86_64-debian-gcc, r-devel-linux-x86_64-fedora-gcc
Version: 1.0.1
Check: compiled code
Result: NOTE
File ‘indexthis/libs/indexthis.so’:
Found non-API call to R: ‘STRING_PTR’
Compiled code should not call non-API entry points in R.
See ‘Writing portable packages’ in the ‘Writing R Extensions’ manual,
and section ‘Moving into C API compliance’ for issues with the use of
non-API entry points.
Flavor: r-devel-linux-x86_64-fedora-clang
Version: 1.0.1
Check: compiled code
Result: NOTE
File 'indexthis/libs/x64/indexthis.dll':
Found non-API call to R: 'STRING_PTR'
Compiled code should not call non-API entry points in R.
See 'Writing portable packages' in the 'Writing R Extensions' manual.
See section 'Moving into C API compliance' in the 'Writing R
Extensions' manual for issues with use of non-API entry points.
Flavor: r-devel-windows-x86_64