Last updated on 2024-07-01 04:48:36 CEST.
Flavor | Version | Tinstall | Tcheck | Ttotal | Status | Flags |
---|---|---|---|---|---|---|
r-devel-linux-x86_64-debian-clang | 0.1.1 | 36.55 | 35.15 | 71.70 | NOTE | |
r-devel-linux-x86_64-debian-gcc | 0.1.1 | 29.05 | 27.15 | 56.20 | NOTE | |
r-devel-linux-x86_64-fedora-clang | 0.1.1 | 95.26 | NOTE | |||
r-devel-linux-x86_64-fedora-gcc | 0.1.1 | 106.51 | NOTE | |||
r-devel-windows-x86_64 | 0.1.1 | 34.00 | 73.00 | 107.00 | NOTE | |
r-patched-linux-x86_64 | 0.1.1 | 33.92 | 33.95 | 67.87 | OK | |
r-release-linux-x86_64 | 0.1.1 | 32.41 | 34.15 | 66.56 | OK | |
r-release-macos-arm64 | 0.1.1 | 27.00 | OK | |||
r-release-macos-x86_64 | 0.1.1 | 42.00 | OK | |||
r-release-windows-x86_64 | 0.1.1 | 33.00 | 73.00 | 106.00 | OK | |
r-oldrel-macos-arm64 | 0.1.1 | 33.00 | OK | |||
r-oldrel-macos-x86_64 | 0.1.1 | 51.00 | OK | |||
r-oldrel-windows-x86_64 | 0.1.1 | 31.00 | 80.00 | 111.00 | OK |
Version: 0.1.1
Check: compiled code
Result: NOTE
File ‘imbibe/libs/imbibe.so’:
Found non-API call to R: ‘SET_TYPEOF’
Compiled code should not call non-API entry points in R.
See ‘Writing portable packages’ in the ‘Writing R Extensions’ manual.
See section ‘Moving into C API compliance’ in the ‘Writing R
Extensions’ manual for issues with use of non-API entry points.
Flavors: r-devel-linux-x86_64-debian-clang, r-devel-linux-x86_64-debian-gcc, r-devel-linux-x86_64-fedora-gcc
Version: 0.1.1
Check: compiled code
Result: NOTE
File ‘imbibe/libs/imbibe.so’:
Found non-API call to R: ‘SET_TYPEOF’
Compiled code should not call non-API entry points in R.
See ‘Writing portable packages’ in the ‘Writing R Extensions’ manual,
and section ‘Moving into C API compliance’ for issues with the use of
non-API entry points.
Flavor: r-devel-linux-x86_64-fedora-clang
Version: 0.1.1
Check: compiled code
Result: NOTE
File 'imbibe/libs/x64/imbibe.dll':
Found non-API call to R: 'SET_TYPEOF'
Compiled code should not call non-API entry points in R.
See 'Writing portable packages' in the 'Writing R Extensions' manual.
See section 'Moving into C API compliance' in the 'Writing R
Extensions' manual for issues with use of non-API entry points.
Flavor: r-devel-windows-x86_64