Last updated on 2024-07-01 04:48:36 CEST.
Flavor | Version | Tinstall | Tcheck | Ttotal | Status | Flags |
---|---|---|---|---|---|---|
r-devel-linux-x86_64-debian-clang | 0.2.3 | 110.97 | 59.09 | 170.06 | OK | |
r-devel-linux-x86_64-debian-gcc | 0.2.3 | 74.89 | 23.16 | 98.05 | OK | |
r-devel-linux-x86_64-fedora-gcc | 0.2.3 | 239.38 | OK | |||
r-devel-windows-x86_64 | 0.2.3 | 100.00 | 125.00 | 225.00 | NOTE | |
r-patched-linux-x86_64 | 0.2.3 | 89.29 | 29.48 | 118.77 | OK | |
r-release-linux-x86_64 | 0.2.3 | 92.06 | 29.21 | 121.27 | OK | |
r-release-macos-arm64 | 0.2.3 | 49.00 | NOTE | |||
r-release-macos-x86_64 | 0.2.3 | 63.00 | NOTE | |||
r-release-windows-x86_64 | 0.2.3 | 94.00 | 120.00 | 214.00 | NOTE | |
r-oldrel-macos-arm64 | 0.2.3 | 54.00 | NOTE | |||
r-oldrel-macos-x86_64 | 0.2.3 | 77.00 | NOTE | |||
r-oldrel-windows-x86_64 | 0.2.3 | 89.00 | 140.00 | 229.00 | NOTE |
Version: 0.2.3
Check: installed package size
Result: NOTE
installed size is 21.6Mb
sub-directories of 1Mb or more:
libs 10.5Mb
share 10.2Mb
Flavors: r-devel-windows-x86_64, r-release-macos-arm64, r-release-macos-x86_64, r-release-windows-x86_64, r-oldrel-macos-arm64, r-oldrel-macos-x86_64, r-oldrel-windows-x86_64