Last updated on 2025-02-04 02:50:11 CET.
Flavor | Version | Tinstall | Tcheck | Ttotal | Status | Flags |
---|---|---|---|---|---|---|
r-devel-linux-x86_64-debian-clang | 0.1 | 28.17 | 33.54 | 61.71 | NOTE | |
r-devel-linux-x86_64-debian-gcc | 0.1 | 17.20 | 27.85 | 45.05 | NOTE | |
r-devel-linux-x86_64-fedora-clang | 0.1 | 114.99 | NOTE | |||
r-devel-linux-x86_64-fedora-gcc | 0.1 | 103.33 | NOTE | |||
r-devel-windows-x86_64 | 0.1 | 27.00 | 77.00 | 104.00 | NOTE | |
r-patched-linux-x86_64 | 0.1 | 24.47 | 32.19 | 56.66 | NOTE | |
r-release-linux-x86_64 | 0.1 | 23.46 | 33.42 | 56.88 | NOTE | |
r-release-macos-arm64 | 0.1 | 29.00 | NOTE | |||
r-release-macos-x86_64 | 0.1 | 40.00 | NOTE | |||
r-release-windows-x86_64 | 0.1 | 28.00 | 74.00 | 102.00 | NOTE | |
r-oldrel-macos-arm64 | 0.1 | 36.00 | NOTE | |||
r-oldrel-macos-x86_64 | 0.1 | 56.00 | NOTE | |||
r-oldrel-windows-x86_64 | 0.1 | 28.00 | 81.00 | 109.00 | NOTE |
Version: 0.1
Check: C++ specification
Result: NOTE
Specified C++11: please drop specification unless essential
Flavors: r-devel-linux-x86_64-debian-clang, r-devel-linux-x86_64-debian-gcc, r-devel-linux-x86_64-fedora-clang, r-devel-linux-x86_64-fedora-gcc, r-devel-windows-x86_64, r-patched-linux-x86_64, r-release-linux-x86_64, r-release-macos-arm64, r-release-macos-x86_64, r-release-windows-x86_64, r-oldrel-macos-arm64, r-oldrel-macos-x86_64, r-oldrel-windows-x86_64