Last updated on 2024-07-01 04:48:36 CEST.
Flavor | Version | Tinstall | Tcheck | Ttotal | Status | Flags |
---|---|---|---|---|---|---|
r-devel-linux-x86_64-debian-clang | 0.1 | 19.87 | 29.54 | 49.41 | NOTE | |
r-devel-linux-x86_64-debian-gcc | 0.1 | 12.16 | 22.97 | 35.13 | NOTE | |
r-devel-linux-x86_64-fedora-clang | 0.1 | 70.04 | NOTE | |||
r-devel-linux-x86_64-fedora-gcc | 0.1 | 63.18 | NOTE | |||
r-devel-windows-x86_64 | 0.1 | 17.00 | 64.00 | 81.00 | NOTE | |
r-patched-linux-x86_64 | 0.1 | 15.83 | 28.47 | 44.30 | NOTE | |
r-release-linux-x86_64 | 0.1 | 14.08 | 28.39 | 42.47 | NOTE | |
r-release-macos-arm64 | 0.1 | 20.00 | NOTE | |||
r-release-macos-x86_64 | 0.1 | 31.00 | NOTE | |||
r-release-windows-x86_64 | 0.1 | 16.00 | 64.00 | 80.00 | NOTE | |
r-oldrel-macos-arm64 | 0.1 | 22.00 | NOTE | |||
r-oldrel-macos-x86_64 | 0.1 | 32.00 | NOTE | |||
r-oldrel-windows-x86_64 | 0.1 | 17.00 | 70.00 | 87.00 | NOTE |
Version: 0.1
Check: C++ specification
Result: NOTE
Specified C++11: please drop specification unless essential
Flavors: r-devel-linux-x86_64-debian-clang, r-devel-linux-x86_64-debian-gcc, r-devel-linux-x86_64-fedora-clang, r-devel-linux-x86_64-fedora-gcc, r-devel-windows-x86_64, r-patched-linux-x86_64, r-release-linux-x86_64, r-release-macos-arm64, r-release-macos-x86_64, r-release-windows-x86_64, r-oldrel-macos-arm64, r-oldrel-macos-x86_64, r-oldrel-windows-x86_64