Last updated on 2024-07-01 04:48:36 CEST.
Flavor | Version | Tinstall | Tcheck | Ttotal | Status | Flags |
---|---|---|---|---|---|---|
r-devel-linux-x86_64-debian-clang | 1.1-1 | 4.83 | 29.63 | 34.46 | OK | |
r-devel-linux-x86_64-debian-gcc | 1.1-1 | 3.06 | 22.57 | 25.63 | OK | |
r-devel-linux-x86_64-fedora-clang | 1.1-1 | 43.73 | NOTE | |||
r-devel-linux-x86_64-fedora-gcc | 1.1-1 | 41.06 | NOTE | |||
r-devel-windows-x86_64 | 1.1-1 | 7.00 | 46.00 | 53.00 | OK | |
r-patched-linux-x86_64 | 1.1-1 | 4.17 | 27.69 | 31.86 | OK | |
r-release-linux-x86_64 | 1.1-1 | 3.13 | 27.62 | 30.75 | OK | |
r-release-macos-arm64 | 1.1-1 | 19.00 | OK | |||
r-release-macos-x86_64 | 1.1-1 | 26.00 | OK | |||
r-release-windows-x86_64 | 1.1-1 | 7.00 | 45.00 | 52.00 | OK | |
r-oldrel-macos-arm64 | 1.1-1 | 20.00 | OK | |||
r-oldrel-macos-x86_64 | 1.1-1 | 27.00 | OK | |||
r-oldrel-windows-x86_64 | 1.1-1 | 8.00 | 50.00 | 58.00 | OK |
Version: 1.1-1
Check: compiled code
Result: NOTE
File ‘iRafNet/libs/iRafNet.so’:
Found no calls to: ‘R_registerRoutines’, ‘R_useDynamicSymbols’
It is good practice to register native routines and to disable symbol
search.
See ‘Writing portable packages’ in the ‘Writing R Extensions’ manual.
Flavors: r-devel-linux-x86_64-fedora-clang, r-devel-linux-x86_64-fedora-gcc