Last updated on 2024-07-01 04:48:36 CEST.
Flavor | Version | Tinstall | Tcheck | Ttotal | Status | Flags |
---|---|---|---|---|---|---|
r-devel-linux-x86_64-debian-clang | 3.0-9 | 11.18 | 68.23 | 79.41 | NOTE | |
r-devel-linux-x86_64-debian-gcc | 3.0-9 | 8.78 | 47.06 | 55.84 | NOTE | |
r-devel-linux-x86_64-fedora-clang | 3.0-9 | 97.62 | NOTE | |||
r-devel-linux-x86_64-fedora-gcc | 3.0-9 | 90.69 | NOTE | |||
r-devel-windows-x86_64 | 3.0-9 | 13.00 | 76.00 | 89.00 | NOTE | |
r-patched-linux-x86_64 | 3.0-9 | 10.97 | 64.51 | 75.48 | NOTE | |
r-release-linux-x86_64 | 3.0-9 | 9.10 | 64.13 | 73.23 | NOTE | |
r-release-macos-arm64 | 3.0-9 | 26.00 | NOTE | |||
r-release-macos-x86_64 | 3.0-9 | 48.00 | NOTE | |||
r-release-windows-x86_64 | 3.0-9 | 13.00 | 78.00 | 91.00 | NOTE | |
r-oldrel-macos-arm64 | 3.0-9 | 31.00 | OK | |||
r-oldrel-macos-x86_64 | 3.0-9 | 50.00 | OK | |||
r-oldrel-windows-x86_64 | 3.0-9 | 12.00 | 85.00 | 97.00 | OK |
Version: 3.0-9
Check: Rd files
Result: NOTE
checkRd: (-1) nafracCalc.Rd:45: Lost braces
45 | as if code{y} were not of class \code{"multipleHmmDataSets"}.
| ^
Flavors: r-devel-linux-x86_64-debian-clang, r-devel-linux-x86_64-debian-gcc, r-devel-linux-x86_64-fedora-clang, r-devel-linux-x86_64-fedora-gcc, r-devel-windows-x86_64, r-patched-linux-x86_64, r-release-linux-x86_64, r-release-macos-arm64, r-release-macos-x86_64, r-release-windows-x86_64