Last updated on 2024-07-01 04:48:35 CEST.
Flavor | Version | Tinstall | Tcheck | Ttotal | Status | Flags |
---|---|---|---|---|---|---|
r-devel-linux-x86_64-debian-clang | 0.16 | 288.61 | 141.43 | 430.04 | OK | |
r-devel-linux-x86_64-debian-gcc | 0.16 | 213.67 | 101.87 | 315.54 | OK | |
r-devel-linux-x86_64-fedora-clang | 0.16 | 594.74 | OK | |||
r-devel-linux-x86_64-fedora-gcc | 0.16 | 653.37 | OK | |||
r-devel-windows-x86_64 | 0.16 | 227.00 | 148.00 | 375.00 | OK | |
r-patched-linux-x86_64 | 0.16 | 262.70 | 135.17 | 397.87 | OK | |
r-release-linux-x86_64 | 0.16 | 247.36 | 131.74 | 379.10 | OK | |
r-release-macos-arm64 | 0.16 | 118.00 | NOTE | |||
r-release-macos-x86_64 | 0.16 | 145.00 | NOTE | |||
r-release-windows-x86_64 | 0.16 | 225.00 | 142.00 | 367.00 | OK | |
r-oldrel-macos-arm64 | 0.16 | 127.00 | NOTE | |||
r-oldrel-macos-x86_64 | 0.16 | 178.00 | NOTE | |||
r-oldrel-windows-x86_64 | 0.16 | 273.00 | 176.00 | 449.00 | OK |
Version: 0.16
Check: installed package size
Result: NOTE
installed size is 13.3Mb
sub-directories of 1Mb or more:
libs 12.8Mb
Flavors: r-release-macos-arm64, r-release-macos-x86_64, r-oldrel-macos-arm64, r-oldrel-macos-x86_64