Last updated on 2024-07-02 05:58:14 CEST.
Flavor | Version | Tinstall | Tcheck | Ttotal | Status | Flags |
---|---|---|---|---|---|---|
r-devel-linux-x86_64-debian-clang | 0.0.1.1 | 19.19 | 291.60 | 310.79 | OK | |
r-devel-linux-x86_64-debian-gcc | 0.0.1.2 | 12.17 | 214.63 | 226.80 | OK | |
r-devel-linux-x86_64-fedora-clang | 0.0.1.2 | 235.36 | ERROR | |||
r-devel-linux-x86_64-fedora-gcc | 0.0.1.2 | 373.85 | OK | |||
r-devel-windows-x86_64 | 0.0.1.1 | 19.00 | 248.00 | 267.00 | OK | |
r-release-linux-x86_64 | 0.0.1.2 | 10.07 | 292.24 | 302.31 | OK | |
r-release-macos-arm64 | 0.0.1.2 | 188.00 | OK | |||
r-release-macos-x86_64 | 0.0.1.2 | 301.00 | OK | |||
r-release-windows-x86_64 | 0.0.1.2 | 17.00 | 256.00 | 273.00 | OK | |
r-oldrel-macos-arm64 | 0.0.1.2 | 268.00 | OK | |||
r-oldrel-macos-x86_64 | 0.0.1.2 | 496.00 | OK | |||
r-oldrel-windows-x86_64 | 0.0.1.2 | 20.00 | 299.00 | 319.00 | OK |
Version: 0.0.1.2
Check: package dependencies
Result: NOTE
Imports includes 24 non-default packages.
Importing from so many packages makes the package vulnerable to any of
them becoming unavailable. Move as many as possible to Suggests and
use conditionally.
Flavor: r-devel-linux-x86_64-fedora-clang
Version: 0.0.1.2
Check: re-building of vignette outputs
Result: ERROR
Error(s) in re-building vignettes:
--- re-building ‘introduction.Rmd’ using rmarkdown
Quitting from lines 96-97 [unnamed-chunk-9] (introduction.Rmd)
Error: processing vignette 'introduction.Rmd' failed with diagnostics:
Failed to load DuckDB spatial extension.
--- failed re-building ‘introduction.Rmd’
SUMMARY: processing the following file failed:
‘introduction.Rmd’
Error: Vignette re-building failed.
Execution halted
Flavor: r-devel-linux-x86_64-fedora-clang