Last updated on 2024-07-01 04:48:35 CEST.
Flavor | Version | Tinstall | Tcheck | Ttotal | Status | Flags |
---|---|---|---|---|---|---|
r-devel-linux-x86_64-debian-clang | 0.1.0 | 3.96 | 45.66 | 49.62 | NOTE | |
r-devel-linux-x86_64-debian-gcc | 0.1.0 | 3.52 | 34.74 | 38.26 | NOTE | |
r-devel-linux-x86_64-fedora-clang | 0.1.0 | 64.07 | NOTE | |||
r-devel-linux-x86_64-fedora-gcc | 0.1.0 | 59.72 | NOTE | |||
r-devel-windows-x86_64 | 0.1.0 | 7.00 | 53.00 | 60.00 | NOTE | |
r-patched-linux-x86_64 | 0.1.0 | 4.82 | 42.12 | 46.94 | NOTE | |
r-release-linux-x86_64 | 0.1.0 | 4.40 | 42.64 | 47.04 | NOTE | |
r-release-macos-arm64 | 0.1.0 | 22.00 | NOTE | |||
r-release-macos-x86_64 | 0.1.0 | 31.00 | NOTE | |||
r-release-windows-x86_64 | 0.1.0 | 7.00 | 54.00 | 61.00 | NOTE | |
r-oldrel-macos-arm64 | 0.1.0 | 23.00 | NOTE | |||
r-oldrel-macos-x86_64 | 0.1.0 | 34.00 | NOTE | |||
r-oldrel-windows-x86_64 | 0.1.0 | 8.00 | 59.00 | 67.00 | NOTE |
Version: 0.1.0
Check: LazyData
Result: NOTE
'LazyData' is specified without a 'data' directory
Flavors: r-devel-linux-x86_64-debian-clang, r-devel-linux-x86_64-debian-gcc, r-devel-linux-x86_64-fedora-clang, r-devel-linux-x86_64-fedora-gcc, r-devel-windows-x86_64, r-patched-linux-x86_64, r-release-linux-x86_64, r-release-macos-arm64, r-release-macos-x86_64, r-release-windows-x86_64, r-oldrel-macos-arm64, r-oldrel-macos-x86_64, r-oldrel-windows-x86_64
Version: 0.1.0
Check: Rd cross-references
Result: NOTE
Undeclared packages ‘scales’, ‘labeling’ in Rd xrefs
Flavor: r-devel-linux-x86_64-fedora-clang