CRAN Package Check Results for Package ggnuplot

Last updated on 2025-02-04 02:50:09 CET.

Flavor Version Tinstall Tcheck Ttotal Status Flags
r-devel-linux-x86_64-debian-clang 0.1.0 3.99 36.29 40.28 OK
r-devel-linux-x86_64-debian-gcc 0.1.0 3.03 27.09 30.12 OK
r-devel-linux-x86_64-fedora-clang 0.1.0 64.60 OK
r-devel-linux-x86_64-fedora-gcc 0.1.0 60.08 OK
r-devel-windows-x86_64 0.1.0 7.00 53.00 60.00 OK
r-patched-linux-x86_64 0.1.0 4.68 33.19 37.87 NOTE
r-release-linux-x86_64 0.1.0 3.61 33.67 37.28 NOTE
r-release-macos-arm64 0.1.0 22.00 NOTE
r-release-macos-x86_64 0.1.0 31.00 NOTE
r-release-windows-x86_64 0.1.0 6.00 54.00 60.00 NOTE
r-oldrel-macos-arm64 0.1.0 23.00 NOTE
r-oldrel-macos-x86_64 0.1.0 34.00 NOTE
r-oldrel-windows-x86_64 0.1.0 8.00 59.00 67.00 NOTE

Check Details

Version: 0.1.0
Check: LazyData
Result: NOTE 'LazyData' is specified without a 'data' directory Flavors: r-patched-linux-x86_64, r-release-linux-x86_64, r-release-macos-arm64, r-release-macos-x86_64, r-release-windows-x86_64, r-oldrel-macos-arm64, r-oldrel-macos-x86_64, r-oldrel-windows-x86_64