Last updated on 2024-07-01 04:48:34 CEST.
Flavor | Version | Tinstall | Tcheck | Ttotal | Status | Flags |
---|---|---|---|---|---|---|
r-devel-linux-x86_64-debian-clang | 0.1 | 20.12 | 173.51 | 193.63 | OK | |
r-devel-linux-x86_64-debian-gcc | 0.1 | 15.60 | 127.31 | 142.91 | OK | |
r-devel-linux-x86_64-fedora-clang | 0.1 | 243.69 | OK | |||
r-devel-linux-x86_64-fedora-gcc | 0.1 | 232.91 | OK | |||
r-devel-windows-x86_64 | 0.1 | 20.00 | 124.00 | 144.00 | OK | |
r-patched-linux-x86_64 | 0.1 | 14.84 | 162.13 | 176.97 | OK | |
r-release-linux-x86_64 | 0.1 | 13.38 | 164.26 | 177.64 | OK | |
r-release-macos-arm64 | 0.1 | 5.00 | ERROR | |||
r-release-macos-x86_64 | 0.1 | 101.00 | OK | |||
r-release-windows-x86_64 | 0.1 | 19.00 | 126.00 | 145.00 | OK | |
r-oldrel-macos-arm64 | 0.1 | 10.00 | ERROR | |||
r-oldrel-macos-x86_64 | 0.1 | 13.00 | ERROR | |||
r-oldrel-windows-x86_64 | 0.1 | 25.00 | 162.00 | 187.00 | OK |
Version: 0.1
Check: package dependencies
Result: ERROR
Package required but not available: ‘ggmsa’
See section ‘The DESCRIPTION file’ in the ‘Writing R Extensions’
manual.
Flavors: r-release-macos-arm64, r-oldrel-macos-arm64, r-oldrel-macos-x86_64