Last updated on 2024-07-01 04:48:34 CEST.
Flavor | Version | Tinstall | Tcheck | Ttotal | Status | Flags |
---|---|---|---|---|---|---|
r-devel-linux-x86_64-debian-clang | 1.3 | 3.87 | 51.15 | 55.02 | NOTE | |
r-devel-linux-x86_64-debian-gcc | 1.3 | 3.51 | 38.80 | 42.31 | NOTE | |
r-devel-linux-x86_64-fedora-clang | 1.3 | 70.97 | NOTE | |||
r-devel-linux-x86_64-fedora-gcc | 1.3 | 65.90 | NOTE | |||
r-devel-windows-x86_64 | 1.3 | 7.00 | 56.00 | 63.00 | NOTE | |
r-patched-linux-x86_64 | 1.3 | 5.39 | 47.90 | 53.29 | NOTE | |
r-release-linux-x86_64 | 1.3 | 3.36 | 48.61 | 51.97 | NOTE | |
r-release-macos-arm64 | 1.3 | 24.00 | NOTE | |||
r-release-macos-x86_64 | 1.3 | 34.00 | NOTE | |||
r-release-windows-x86_64 | 1.3 | 6.00 | 56.00 | 62.00 | NOTE | |
r-oldrel-macos-arm64 | 1.3 | 27.00 | NOTE | |||
r-oldrel-macos-x86_64 | 1.3 | 34.00 | NOTE | |||
r-oldrel-windows-x86_64 | 1.3 | 7.00 | 63.00 | 70.00 | NOTE |
Version: 1.3
Check: LazyData
Result: NOTE
'LazyData' is specified without a 'data' directory
Flavors: r-devel-linux-x86_64-debian-clang, r-devel-linux-x86_64-debian-gcc, r-devel-linux-x86_64-fedora-clang, r-devel-linux-x86_64-fedora-gcc, r-devel-windows-x86_64, r-patched-linux-x86_64, r-release-linux-x86_64, r-release-macos-arm64, r-release-macos-x86_64, r-release-windows-x86_64, r-oldrel-macos-arm64, r-oldrel-macos-x86_64, r-oldrel-windows-x86_64