Last updated on 2025-02-04 02:50:09 CET.
Flavor | Version | Tinstall | Tcheck | Ttotal | Status | Flags |
---|---|---|---|---|---|---|
r-devel-linux-x86_64-debian-clang | 1.5.11 | 49.17 | 342.74 | 391.91 | NOTE | |
r-devel-linux-x86_64-debian-gcc | 1.5.11 | 35.80 | 219.60 | 255.40 | NOTE | |
r-devel-linux-x86_64-fedora-clang | 1.5.11 | 690.39 | OK | |||
r-devel-linux-x86_64-fedora-gcc | 1.5.11 | 642.32 | OK | |||
r-devel-windows-x86_64 | 1.5.11 | 51.00 | 287.00 | 338.00 | NOTE | |
r-patched-linux-x86_64 | 1.5.11 | 51.12 | 322.01 | 373.13 | OK | |
r-release-linux-x86_64 | 1.5.11 | 51.89 | 321.22 | 373.11 | OK | |
r-release-macos-arm64 | 1.5.11 | 143.00 | NOTE | |||
r-release-macos-x86_64 | 1.5.11 | 259.00 | NOTE | |||
r-release-windows-x86_64 | 1.5.11 | 49.00 | 286.00 | 335.00 | NOTE | |
r-oldrel-macos-arm64 | 1.5.11 | 152.00 | NOTE | |||
r-oldrel-macos-x86_64 | 1.5.11 | 581.00 | NOTE | |||
r-oldrel-windows-x86_64 | 1.5.11 | 64.00 | 394.00 | 458.00 | NOTE |
Version: 1.5.11
Check: Rd cross-references
Result: NOTE
Found the following Rd file(s) with Rd \link{} targets missing package
anchors:
plot_raster_single.Rd: raster
Please provide package anchors for all Rd \link{} targets not in the
package itself and the base packages.
Flavors: r-devel-linux-x86_64-debian-clang, r-devel-linux-x86_64-debian-gcc, r-devel-windows-x86_64
Version: 1.5.11
Check: installed package size
Result: NOTE
installed size is 6.7Mb
sub-directories of 1Mb or more:
doc 1.5Mb
extdata 3.4Mb
libs 1.4Mb
Flavors: r-release-macos-arm64, r-release-macos-x86_64, r-release-windows-x86_64, r-oldrel-macos-arm64, r-oldrel-macos-x86_64, r-oldrel-windows-x86_64