Last updated on 2025-02-04 02:50:09 CET.
Flavor | Version | Tinstall | Tcheck | Ttotal | Status | Flags |
---|---|---|---|---|---|---|
r-devel-linux-x86_64-debian-clang | 1.6.0-5 | 20.29 | 124.77 | 145.06 | ERROR | |
r-devel-linux-x86_64-debian-gcc | 1.6.0-6 | 13.87 | 80.44 | 94.31 | OK | |
r-devel-linux-x86_64-fedora-clang | 1.6.0-6 | 149.45 | OK | |||
r-devel-linux-x86_64-fedora-gcc | 1.6.0-6 | 208.58 | OK | |||
r-devel-windows-x86_64 | 1.6.0-6 | 37.00 | 133.00 | 170.00 | OK | |
r-patched-linux-x86_64 | 1.6.0-5 | 17.33 | 116.42 | 133.75 | ERROR | |
r-release-linux-x86_64 | 1.6.0-6 | 18.62 | 108.61 | 127.23 | OK | |
r-release-macos-arm64 | 1.6.0-6 | 62.00 | NOTE | |||
r-release-macos-x86_64 | 1.6.0-6 | 124.00 | NOTE | |||
r-release-windows-x86_64 | 1.6.0-6 | 35.00 | 133.00 | 168.00 | NOTE | |
r-oldrel-macos-arm64 | 1.6.0-5 | 72.00 | NOTE | |||
r-oldrel-macos-x86_64 | 1.6.0-5 | 128.00 | NOTE | |||
r-oldrel-windows-x86_64 | 1.6.0-6 | 37.00 | 162.00 | 199.00 | NOTE |
Version: 1.6.0-5
Check: tests
Result: ERROR
Running ‘tinytest.R’ [12s/16s]
Running the tests in ‘tests/tinytest.R’ failed.
Complete output:
>
> if ( requireNamespace("tinytest", quietly=TRUE) ){
+ tinytest::test_package("gdm")
+ }
test_gdm.R.................... 0 tests terra 1.8.15
test_gdm.R.................... 0 tests
test_gdm.R.................... 0 tests
test_gdm.R.................... 0 tests
test_gdm.R.................... 0 tests
test_gdm.R.................... 1 tests <1b>[0;32mOK<1b>[0m
test_gdm.R.................... 1 tests <1b>[0;32mOK<1b>[0m
test_gdm.R.................... 2 tests <1b>[0;31m1 fails<1b>[0m <1b>[0;34m11.9s<1b>[0m
----- FAILED[xcpt]: test_gdm.R<31--35>
call| expect_silent({
call| --> gdmRastMod <- gdm(sitePairRast, geo = TRUE)
call| -->})
diff| Execution was not silent. A warning was thrown with message
diff| 'The algorithm was unable to fit a model to your data.
diff| The sum of all spline coefficients = 0 and deviance explained = NULL.
diff| Returning NULL object.'
Error: 1 out of 2 tests failed
Execution halted
Flavor: r-devel-linux-x86_64-debian-clang
Version: 1.6.0-5
Check: tests
Result: ERROR
Running ‘tinytest.R’ [11s/14s]
Running the tests in ‘tests/tinytest.R’ failed.
Complete output:
>
> if ( requireNamespace("tinytest", quietly=TRUE) ){
+ tinytest::test_package("gdm")
+ }
test_gdm.R.................... 0 tests terra 1.8.15
test_gdm.R.................... 0 tests
test_gdm.R.................... 0 tests
test_gdm.R.................... 0 tests
test_gdm.R.................... 0 tests
test_gdm.R.................... 1 tests <1b>[0;32mOK<1b>[0m
test_gdm.R.................... 1 tests <1b>[0;32mOK<1b>[0m
test_gdm.R.................... 2 tests <1b>[0;31m1 fails<1b>[0m <1b>[0;34m11.2s<1b>[0m
----- FAILED[xcpt]: test_gdm.R<31--35>
call| expect_silent({
call| --> gdmRastMod <- gdm(sitePairRast, geo = TRUE)
call| -->})
diff| Execution was not silent. A warning was thrown with message
diff| 'The algorithm was unable to fit a model to your data.
diff| The sum of all spline coefficients = 0 and deviance explained = NULL.
diff| Returning NULL object.'
Error: 1 out of 2 tests failed
Execution halted
Flavor: r-patched-linux-x86_64
Version: 1.6.0-6
Check: installed package size
Result: NOTE
installed size is 5.1Mb
sub-directories of 1Mb or more:
extdata 3.8Mb
Flavors: r-release-macos-arm64, r-release-macos-x86_64, r-release-windows-x86_64, r-oldrel-windows-x86_64
Version: 1.6.0-5
Check: installed package size
Result: NOTE
installed size is 5.1Mb
sub-directories of 1Mb or more:
extdata 3.8Mb
Flavors: r-oldrel-macos-arm64, r-oldrel-macos-x86_64