Last updated on 2024-07-01 04:48:34 CEST.
Flavor | Version | Tinstall | Tcheck | Ttotal | Status | Flags |
---|---|---|---|---|---|---|
r-devel-linux-x86_64-debian-clang | 1.0.3 | 9.34 | 80.52 | 89.86 | NOTE | |
r-devel-linux-x86_64-debian-gcc | 1.0.3 | 7.62 | 59.22 | 66.84 | NOTE | |
r-devel-linux-x86_64-fedora-clang | 1.0.3 | 115.33 | NOTE | |||
r-devel-linux-x86_64-fedora-gcc | 1.0.3 | 105.14 | NOTE | |||
r-devel-windows-x86_64 | 1.0.3 | 11.00 | 81.00 | 92.00 | NOTE | |
r-patched-linux-x86_64 | 1.0.3 | 11.07 | 75.47 | 86.54 | NOTE | |
r-release-linux-x86_64 | 1.0.3 | 5.83 | 76.28 | 82.11 | NOTE | |
r-release-macos-arm64 | 1.0.3 | 35.00 | NOTE | |||
r-release-macos-x86_64 | 1.0.3 | 49.00 | NOTE | |||
r-release-windows-x86_64 | 1.0.3 | 11.00 | 82.00 | 93.00 | NOTE | |
r-oldrel-macos-arm64 | 1.0.3 | 37.00 | OK | |||
r-oldrel-macos-x86_64 | 1.0.3 | 54.00 | OK | |||
r-oldrel-windows-x86_64 | 1.0.3 | 14.00 | 93.00 | 107.00 | OK |
Version: 1.0.3
Check: Rd files
Result: NOTE
checkRd: (-1) matern.cormat.Rd:17: Lost braces; missing escapes or markup?
17 | value of the shape parameter of the Matern correlation class. The default {alpha = 0.5} corresponds to an exponential correlation model.
| ^
Flavors: r-devel-linux-x86_64-debian-clang, r-devel-linux-x86_64-debian-gcc, r-devel-linux-x86_64-fedora-clang, r-devel-linux-x86_64-fedora-gcc, r-devel-windows-x86_64, r-patched-linux-x86_64, r-release-linux-x86_64, r-release-macos-arm64, r-release-macos-x86_64, r-release-windows-x86_64