Last updated on 2025-02-04 02:50:09 CET.
Flavor | Version | Tinstall | Tcheck | Ttotal | Status | Flags |
---|---|---|---|---|---|---|
r-devel-linux-x86_64-debian-clang | 4.1.0 | 4.47 | 47.94 | 52.41 | OK | |
r-devel-linux-x86_64-debian-gcc | 4.1.0 | 2.91 | 34.82 | 37.73 | OK | |
r-devel-linux-x86_64-fedora-clang | 4.1.0 | 83.80 | OK | |||
r-devel-linux-x86_64-fedora-gcc | 4.1.0 | 90.33 | OK | |||
r-devel-windows-x86_64 | 4.1.0 | 5.00 | 144.00 | 149.00 | NOTE | |
r-patched-linux-x86_64 | 4.1.0 | 7.14 | 43.44 | 50.58 | OK | |
r-release-linux-x86_64 | 4.1.0 | 4.21 | 44.10 | 48.31 | OK | |
r-release-macos-arm64 | 4.1.0 | 52.00 | NOTE | |||
r-release-macos-x86_64 | 4.1.0 | 77.00 | NOTE | |||
r-release-windows-x86_64 | 4.1.0 | 6.00 | 145.00 | 151.00 | NOTE | |
r-oldrel-macos-arm64 | 4.1.0 | 70.00 | OK | |||
r-oldrel-macos-x86_64 | 4.1.0 | 119.00 | OK | |||
r-oldrel-windows-x86_64 | 4.1.0 | 8.00 | 131.00 | 139.00 | OK |
Version: 4.1.0
Check: Rd files
Result: NOTE
checkRd: (-1) NEWS.Rd:234: Escaped LaTeX specials: \_
checkRd: (-1) NEWS.Rd:257: Escaped LaTeX specials: \_ \_
checkRd: (-1) NEWS.Rd:258: Escaped LaTeX specials: \_ \_
checkRd: (-1) NEWS.Rd:259: Escaped LaTeX specials: \_
checkRd: (-1) NEWS.Rd:262: Escaped LaTeX specials: \_
checkRd: (-1) NEWS.Rd:265: Escaped LaTeX specials: \_
Flavors: r-devel-windows-x86_64, r-release-macos-arm64, r-release-macos-x86_64, r-release-windows-x86_64