Last updated on 2024-07-01 04:48:34 CEST.
Flavor | Version | Tinstall | Tcheck | Ttotal | Status | Flags |
---|---|---|---|---|---|---|
r-devel-linux-x86_64-debian-clang | 0.3-0.1 | 7.02 | 57.39 | 64.41 | NOTE | |
r-devel-linux-x86_64-debian-gcc | 0.3-0.1 | 5.35 | 41.57 | 46.92 | NOTE | |
r-devel-linux-x86_64-fedora-clang | 0.3-0.1 | 85.82 | NOTE | |||
r-devel-linux-x86_64-fedora-gcc | 0.3-0.1 | 74.38 | NOTE | |||
r-devel-windows-x86_64 | 0.3-0.1 | 7.00 | 65.00 | 72.00 | OK | |
r-patched-linux-x86_64 | 0.3-0.1 | 9.18 | 54.39 | 63.57 | NOTE | |
r-release-linux-x86_64 | 0.3-0.1 | 6.66 | 55.46 | 62.12 | NOTE | |
r-release-macos-arm64 | 0.3-0.1 | 24.00 | OK | |||
r-release-macos-x86_64 | 0.3-0.1 | 37.00 | OK | |||
r-release-windows-x86_64 | 0.3-0.1 | 6.00 | 66.00 | 72.00 | OK | |
r-oldrel-macos-arm64 | 0.3-0.1 | 25.00 | OK | |||
r-oldrel-macos-x86_64 | 0.3-0.1 | 38.00 | OK | |||
r-oldrel-windows-x86_64 | 0.3-0.1 | 7.00 | 73.00 | 80.00 | OK |
Version: 0.3-0.1
Check: for non-standard things in the check directory
Result: NOTE
Found the following files/directories:
‘flux.CH4.txt’
Flavors: r-devel-linux-x86_64-debian-clang, r-devel-linux-x86_64-debian-gcc, r-devel-linux-x86_64-fedora-clang, r-devel-linux-x86_64-fedora-gcc, r-patched-linux-x86_64, r-release-linux-x86_64
Version: 0.3-0.1
Check: Rd cross-references
Result: NOTE
Undeclared package ‘HMR’ in Rd xrefs
Flavor: r-devel-linux-x86_64-fedora-clang