Last updated on 2025-02-04 02:50:08 CET.
Flavor | Version | Tinstall | Tcheck | Ttotal | Status | Flags |
---|---|---|---|---|---|---|
r-devel-linux-x86_64-debian-clang | 0.2.1 | 7.98 | 42.11 | 50.09 | NOTE | |
r-devel-linux-x86_64-debian-gcc | 0.2.1 | 5.32 | 30.72 | 36.04 | NOTE | |
r-devel-linux-x86_64-fedora-clang | 0.2.1 | 89.32 | NOTE | |||
r-devel-linux-x86_64-fedora-gcc | 0.2.1 | 90.48 | NOTE | |||
r-devel-windows-x86_64 | 0.2.1 | 11.00 | 72.00 | 83.00 | NOTE | |
r-patched-linux-x86_64 | 0.2.1 | 7.63 | 39.33 | 46.96 | NOTE | |
r-release-linux-x86_64 | 0.2.1 | 6.85 | 39.60 | 46.45 | NOTE | |
r-release-macos-arm64 | 0.2.1 | 32.00 | NOTE | |||
r-release-macos-x86_64 | 0.2.1 | 59.00 | NOTE | |||
r-release-windows-x86_64 | 0.2.1 | 13.00 | 72.00 | 85.00 | NOTE | |
r-oldrel-macos-arm64 | 0.2.1 | 45.00 | OK | |||
r-oldrel-macos-x86_64 | 0.2.1 | 100.00 | OK | |||
r-oldrel-windows-x86_64 | 0.2.1 | 12.00 | 79.00 | 91.00 | OK |
Version: 0.2.1
Check: Rd files
Result: NOTE
checkRd: (-1) simulation_model9.Rd:47: Lost braces; missing escapes or markup?
47 | \item{ci}{A vector of 2 values containing $c_{1i}$ and $c_{2i}$ in the contamination
| ^
checkRd: (-1) simulation_model9.Rd:47: Lost braces; missing escapes or markup?
47 | \item{ci}{A vector of 2 values containing $c_{1i}$ and $c_{2i}$ in the contamination
| ^
Flavors: r-devel-linux-x86_64-debian-clang, r-devel-linux-x86_64-debian-gcc, r-devel-linux-x86_64-fedora-clang, r-devel-linux-x86_64-fedora-gcc, r-devel-windows-x86_64, r-patched-linux-x86_64, r-release-linux-x86_64, r-release-macos-arm64, r-release-macos-x86_64, r-release-windows-x86_64