Last updated on 2024-06-30 04:55:13 CEST.
Flavor | Version | Tinstall | Tcheck | Ttotal | Status | Flags |
---|---|---|---|---|---|---|
r-devel-linux-x86_64-debian-clang | 1.1.1 | 316.28 | 105.44 | 421.72 | OK | |
r-devel-linux-x86_64-debian-gcc | 1.1.1 | 200.67 | 75.82 | 276.49 | OK | |
r-devel-linux-x86_64-fedora-clang | 1.1.1 | 508.19 | OK | |||
r-devel-linux-x86_64-fedora-gcc | 1.1.1 | 568.80 | OK | |||
r-devel-windows-x86_64 | 1.1.1 | 184.00 | 117.00 | 301.00 | OK | |
r-patched-linux-x86_64 | 1.1.1 | 235.44 | 99.37 | 334.81 | OK | |
r-release-linux-x86_64 | 1.1.1 | 236.78 | 98.94 | 335.72 | OK | |
r-release-macos-arm64 | 1.1.1 | 119.00 | NOTE | |||
r-release-macos-x86_64 | 1.1.1 | 148.00 | NOTE | |||
r-release-windows-x86_64 | 1.1.1 | 184.00 | 108.00 | 292.00 | OK | |
r-oldrel-macos-arm64 | 1.1.1 | 130.00 | NOTE | |||
r-oldrel-macos-x86_64 | 1.1.1 | 272.00 | NOTE | |||
r-oldrel-windows-x86_64 | 1.1.1 | 229.00 | 143.00 | 372.00 | OK |
Version: 1.1.1
Check: installed package size
Result: NOTE
installed size is 25.5Mb
sub-directories of 1Mb or more:
libs 25.1Mb
Flavors: r-release-macos-arm64, r-release-macos-x86_64, r-oldrel-macos-arm64, r-oldrel-macos-x86_64