Last updated on 2024-06-30 04:55:13 CEST.
Flavor | Version | Tinstall | Tcheck | Ttotal | Status | Flags |
---|---|---|---|---|---|---|
r-devel-linux-x86_64-debian-clang | 1.2.0 | 35.91 | 37.33 | 73.24 | NOTE | |
r-devel-linux-x86_64-debian-gcc | 1.2.0 | 29.81 | 29.51 | 59.32 | NOTE | |
r-devel-linux-x86_64-fedora-clang | 1.2.0 | 99.72 | NOTE | |||
r-devel-linux-x86_64-fedora-gcc | 1.2.0 | 103.76 | NOTE | |||
r-devel-windows-x86_64 | 1.2.0 | 31.00 | 68.00 | 99.00 | NOTE | |
r-patched-linux-x86_64 | 1.2.0 | 31.82 | 36.92 | 68.74 | NOTE | |
r-release-linux-x86_64 | 1.2.0 | 34.12 | 37.55 | 71.67 | NOTE | |
r-release-macos-arm64 | 1.2.0 | 28.00 | NOTE | |||
r-release-macos-x86_64 | 1.2.0 | 39.00 | NOTE | |||
r-release-windows-x86_64 | 1.2.0 | 30.00 | 68.00 | 98.00 | NOTE | |
r-oldrel-macos-arm64 | 1.2.0 | 29.00 | NOTE | |||
r-oldrel-macos-x86_64 | 1.2.0 | 50.00 | NOTE | |||
r-oldrel-windows-x86_64 | 1.2.0 | 37.00 | 79.00 | 116.00 | OK |
Version: 1.2.0
Check: Rd files
Result: NOTE
checkRd: (-1) eigen_compute_single_entry_of_diagonal_matrix.Rd:17: Lost braces; missing escapes or markup?
17 | The value of m^{-1}_{j,j}
| ^
checkRd: (-1) eigen_compute_single_entry_of_diagonal_matrix.Rd:17: Lost braces; missing escapes or markup?
17 | The value of m^{-1}_{j,j}
| ^
Flavors: r-devel-linux-x86_64-debian-clang, r-devel-linux-x86_64-debian-gcc, r-devel-linux-x86_64-fedora-clang, r-devel-linux-x86_64-fedora-gcc, r-devel-windows-x86_64, r-patched-linux-x86_64, r-release-linux-x86_64, r-release-macos-arm64, r-release-macos-x86_64, r-release-windows-x86_64
Version: 1.2.0
Check: installed package size
Result: NOTE
installed size is 7.8Mb
sub-directories of 1Mb or more:
libs 7.6Mb
Flavors: r-release-macos-arm64, r-release-macos-x86_64, r-oldrel-macos-arm64, r-oldrel-macos-x86_64