Last updated on 2024-07-01 04:48:34 CEST.
Flavor | Version | Tinstall | Tcheck | Ttotal | Status | Flags |
---|---|---|---|---|---|---|
r-devel-linux-x86_64-debian-clang | 3042.79 | 5.39 | 59.85 | 65.24 | NOTE | |
r-devel-linux-x86_64-debian-gcc | 3042.79 | 5.18 | 43.05 | 48.23 | NOTE | |
r-devel-linux-x86_64-fedora-clang | 3042.79 | 81.20 | NOTE | |||
r-devel-linux-x86_64-fedora-gcc | 3042.79 | 75.39 | NOTE | |||
r-devel-windows-x86_64 | 3042.79 | 5.00 | 60.00 | 65.00 | NOTE | |
r-patched-linux-x86_64 | 3042.79 | 4.72 | 55.83 | 60.55 | NOTE | |
r-release-linux-x86_64 | 3042.79 | 5.50 | 54.70 | 60.20 | NOTE | |
r-release-macos-arm64 | 3042.79 | 26.00 | NOTE | |||
r-release-macos-x86_64 | 3042.79 | 36.00 | NOTE | |||
r-release-windows-x86_64 | 3042.79 | 6.00 | 59.00 | 65.00 | NOTE | |
r-oldrel-macos-arm64 | 3042.79 | 27.00 | NOTE | |||
r-oldrel-macos-x86_64 | 3042.79 | 38.00 | NOTE | |||
r-oldrel-windows-x86_64 | 3042.79 | 8.00 | 68.00 | 76.00 | NOTE |
Version: 3042.79
Check: LazyData
Result: NOTE
'LazyData' is specified without a 'data' directory
Flavors: r-devel-linux-x86_64-debian-clang, r-devel-linux-x86_64-debian-gcc, r-devel-linux-x86_64-fedora-clang, r-devel-linux-x86_64-fedora-gcc, r-devel-windows-x86_64, r-patched-linux-x86_64, r-release-linux-x86_64, r-release-macos-arm64, r-release-macos-x86_64, r-release-windows-x86_64, r-oldrel-macos-arm64, r-oldrel-macos-x86_64, r-oldrel-windows-x86_64