Last updated on 2024-06-17 01:48:29 CEST.
Flavor | Version | Tinstall | Tcheck | Ttotal | Status | Flags |
---|---|---|---|---|---|---|
r-devel-linux-x86_64-debian-clang | 1.3.1 | 44.56 | 165.22 | 209.78 | OK | |
r-devel-linux-x86_64-debian-gcc | 1.3.1 | 33.02 | 119.95 | 152.97 | OK | |
r-devel-linux-x86_64-fedora-clang | 1.3.1 | 301.44 | OK | |||
r-devel-linux-x86_64-fedora-gcc | 1.3.1 | 275.22 | OK | |||
r-devel-windows-x86_64 | 1.3.1 | 42.00 | 164.00 | 206.00 | OK | |
r-patched-linux-x86_64 | 1.3.1 | 30.09 | 157.32 | 187.41 | OK | |
r-release-linux-x86_64 | 1.3.1 | 30.33 | 159.58 | 189.91 | OK | |
r-release-macos-arm64 | 1.3.1 | 103.00 | NOTE | |||
r-release-macos-x86_64 | 1.3.1 | 163.00 | NOTE | |||
r-release-windows-x86_64 | 1.3.1 | 42.00 | 168.00 | 210.00 | OK | |
r-oldrel-macos-arm64 | 1.3.1 | 107.00 | NOTE | |||
r-oldrel-macos-x86_64 | 1.3.1 | 186.00 | NOTE | |||
r-oldrel-windows-x86_64 | 1.3.1 | 53.00 | 206.00 | 259.00 | OK |
Version: 1.3.1
Check: installed package size
Result: NOTE
installed size is 5.2Mb
sub-directories of 1Mb or more:
data 2.0Mb
libs 1.2Mb
Flavors: r-release-macos-arm64, r-release-macos-x86_64, r-oldrel-macos-arm64, r-oldrel-macos-x86_64