Last updated on 2024-07-01 04:48:33 CEST.
Flavor | Version | Tinstall | Tcheck | Ttotal | Status | Flags |
---|---|---|---|---|---|---|
r-devel-linux-x86_64-debian-clang | 0.0.3 | 27.82 | 327.50 | 355.32 | NOTE | |
r-devel-linux-x86_64-debian-gcc | 0.0.3 | 28.41 | 226.72 | 255.13 | NOTE | |
r-devel-linux-x86_64-fedora-clang | 0.0.3 | 432.72 | NOTE | |||
r-devel-linux-x86_64-fedora-gcc | 0.0.3 | 403.75 | NOTE | |||
r-devel-windows-x86_64 | 0.0.3 | 25.00 | 197.00 | 222.00 | NOTE | |
r-patched-linux-x86_64 | 0.0.3 | 30.63 | 299.57 | 330.20 | NOTE | |
r-release-linux-x86_64 | 0.0.3 | 20.70 | 308.08 | 328.78 | NOTE | |
r-release-macos-arm64 | 0.0.3 | 95.00 | NOTE | |||
r-release-macos-x86_64 | 0.0.3 | 214.00 | NOTE | |||
r-release-windows-x86_64 | 0.0.3 | 26.00 | 198.00 | 224.00 | NOTE | |
r-oldrel-macos-arm64 | 0.0.3 | 96.00 | NOTE | |||
r-oldrel-macos-x86_64 | 0.0.3 | 178.00 | NOTE | |||
r-oldrel-windows-x86_64 | 0.0.3 | 35.00 | 263.00 | 298.00 | NOTE |
Version: 0.0.3
Check: LazyData
Result: NOTE
'LazyData' is specified without a 'data' directory
Flavors: r-devel-linux-x86_64-debian-clang, r-devel-linux-x86_64-debian-gcc, r-devel-linux-x86_64-fedora-clang, r-devel-linux-x86_64-fedora-gcc, r-devel-windows-x86_64, r-patched-linux-x86_64, r-release-linux-x86_64, r-release-macos-arm64, r-release-macos-x86_64, r-release-windows-x86_64, r-oldrel-macos-arm64, r-oldrel-macos-x86_64, r-oldrel-windows-x86_64