Last updated on 2024-06-17 01:48:28 CEST.
Flavor | Version | Tinstall | Tcheck | Ttotal | Status | Flags |
---|---|---|---|---|---|---|
r-devel-linux-x86_64-debian-clang | 0.6-5 | 10.54 | 62.83 | 73.37 | OK | |
r-devel-linux-x86_64-debian-gcc | 0.6-5 | 9.03 | 45.93 | 54.96 | OK | |
r-devel-linux-x86_64-fedora-clang | 0.6-5 | 94.44 | OK | |||
r-devel-linux-x86_64-fedora-gcc | 0.6-5 | 89.36 | OK | |||
r-devel-windows-x86_64 | 0.6-5 | 11.00 | 75.00 | 86.00 | OK | |
r-patched-linux-x86_64 | 0.6-5 | 11.77 | 59.90 | 71.67 | OK | |
r-release-linux-x86_64 | 0.6-5 | 11.07 | 59.44 | 70.51 | OK | |
r-release-macos-arm64 | 0.6-5 | 29.00 | OK | |||
r-release-macos-x86_64 | 0.6-5 | 43.00 | OK | |||
r-release-windows-x86_64 | 0.6-5 | 11.00 | 77.00 | 88.00 | OK | |
r-oldrel-macos-arm64 | 0.6-5 | 30.00 | OK | |||
r-oldrel-macos-x86_64 | 0.6-5 | 43.00 | NOTE | |||
r-oldrel-windows-x86_64 | 0.6-5 | 13.00 | 83.00 | 96.00 | OK |
Version: 0.6-5
Check: package dependencies
Result: NOTE
Packages suggested but not available for checking:
'fields', 'forecast', 'imputeTS', 'lme4', 'statnet'
Flavor: r-oldrel-macos-x86_64