Last updated on 2024-07-01 04:48:32 CEST.
Flavor | Version | Tinstall | Tcheck | Ttotal | Status | Flags |
---|---|---|---|---|---|---|
r-devel-linux-x86_64-debian-clang | 0.4-6 | 44.10 | 102.02 | 146.12 | OK | |
r-devel-linux-x86_64-debian-gcc | 0.4-6 | 32.77 | 75.14 | 107.91 | OK | |
r-devel-linux-x86_64-fedora-clang | 0.4-6 | 184.94 | OK | |||
r-devel-linux-x86_64-fedora-gcc | 0.4-6 | 205.97 | OK | |||
r-devel-windows-x86_64 | 0.4-6 | 37.00 | 109.00 | 146.00 | OK | |
r-patched-linux-x86_64 | 0.4-6 | 34.32 | 93.67 | 127.99 | OK | |
r-release-linux-x86_64 | 0.4-6 | 37.41 | 92.55 | 129.96 | OK | |
r-release-macos-arm64 | 0.4-6 | 52.00 | NOTE | |||
r-release-macos-x86_64 | 0.4-6 | 101.00 | NOTE | |||
r-release-windows-x86_64 | 0.4-6 | 36.00 | 109.00 | 145.00 | OK | |
r-oldrel-macos-arm64 | 0.4-6 | 57.00 | NOTE | |||
r-oldrel-macos-x86_64 | 0.4-6 | 147.00 | NOTE | |||
r-oldrel-windows-x86_64 | 0.4-6 | 43.00 | 135.00 | 178.00 | OK |
Version: 0.4-6
Check: installed package size
Result: NOTE
installed size is 5.6Mb
sub-directories of 1Mb or more:
libs 5.4Mb
Flavors: r-release-macos-arm64, r-release-macos-x86_64, r-oldrel-macos-arm64, r-oldrel-macos-x86_64